{"id":1954,"date":"2019-11-13T18:45:25","date_gmt":"2019-11-13T17:45:25","guid":{"rendered":"https:\/\/indr.lu\/?p=1954"},"modified":"2021-06-09T08:58:52","modified_gmt":"2021-06-09T08:58:52","slug":"remise-du-label-des-actions-positives","status":"publish","type":"event","link":"https:\/\/indr.lu\/en\/event\/remise-du-label-des-actions-positives\/","title":{"rendered":"Remise du label des Actions positives"},"content":{"rendered":"[vc_row type=&#8221;in_container&#8221; full_screen_row_position=&#8221;middle&#8221; column_margin=&#8221;default&#8221; column_direction=&#8221;default&#8221; column_direction_tablet=&#8221;default&#8221; column_direction_phone=&#8221;default&#8221; scene_position=&#8221;center&#8221; text_color=&#8221;dark&#8221; text_align=&#8221;left&#8221; row_border_radius=&#8221;none&#8221; row_border_radius_applies=&#8221;bg&#8221; overlay_strength=&#8221;0.3&#8243; gradient_direction=&#8221;left_to_right&#8221; shape_divider_position=&#8221;bottom&#8221; bg_image_animation=&#8221;none&#8221;][vc_column column_padding=&#8221;no-extra-padding&#8221; column_padding_tablet=&#8221;inherit&#8221; column_padding_phone=&#8221;inherit&#8221; column_padding_position=&#8221;all&#8221; column_element_spacing=&#8221;default&#8221; background_color_opacity=&#8221;1&#8243; background_hover_color_opacity=&#8221;1&#8243; column_shadow=&#8221;none&#8221; column_border_radius=&#8221;none&#8221; column_link_target=&#8221;_self&#8221; gradient_direction=&#8221;left_to_right&#8221; overlay_strength=&#8221;0.3&#8243; width=&#8221;1\/1&#8243; tablet_width_inherit=&#8221;default&#8221; tablet_text_alignment=&#8221;default&#8221; phone_text_alignment=&#8221;default&#8221; bg_image_animation=&#8221;none&#8221; border_type=&#8221;simple&#8221; column_border_width=&#8221;none&#8221; column_border_style=&#8221;solid&#8221;][vc_column_text]La ministre de l\u2019Egalit\u00e9 entre les femmes et les hommes, Taina Bofferding, remet le mercredi 13 novembre 2019 \u00e0 18 heures le label des Actions positives. Venez d\u00e9couvrir les projets des six entreprises laur\u00e9ates lors de la soir\u00e9e \u00e0 l\u2019Ath\u00e9n\u00e9e de Luxembourg et rejoignez-nous pour c\u00e9l\u00e9brer l\u2019engagement pour l\u2019\u00e9galit\u00e9 entre femmes et hommes dans l\u2019emploi. (24 Boulevard Pierre Dupong, 1430 Luxembourg)<\/p>\n<p><strong>Au programme<\/strong><br \/>\n18h00 &#8211; Accueil des invit\u00e9(e)s<br \/>\n18h30 &#8211; Mot de bienvenue<br \/>\n18h35 &#8211; Discours de Madame la Ministre, Taina Bofferding<br \/>\n18h45 &#8211; Pr\u00e9sentation des laur\u00e9ats et remise des labels<br \/>\n20h00 &#8211; Cocktail d\u00eenatoire<\/p>\n<p>La soir\u00e9e sera mod\u00e9r\u00e9e par B\u00e9reng\u00e8re Beffort<\/p>\n<p>Au plaisir de vous retrouver \u00e0 la remise des prix.<\/p>\n<p><a href=\"mailto:adrienne.jopa@mega.etat.lu?subject=Je%20participe%20au%20label%20Actions%20Positives%202019\">Inscription en ligne ici<\/a><\/p>\n[\/vc_column_text][\/vc_column][\/vc_row]\n","protected":false},"featured_media":8964,"template":"","events_categories":[115],"class_list":{"0":"post-1954","1":"event","2":"type-event","3":"status-publish","4":"has-post-thumbnail","6":"events_categories-conferences"},"acf":[],"yoast_head":"<!-- This site is optimized with the Yoast SEO plugin v27.5 - https:\/\/yoast.com\/product\/yoast-seo-wordpress\/ -->\n<title>Remise du label des Actions positives - INDR<\/title>\n<meta name=\"robots\" content=\"index, follow, max-snippet:-1, max-image-preview:large, max-video-preview:-1\" \/>\n<link rel=\"canonical\" href=\"https:\/\/indr.lu\/fr\/event\/remise-du-label-des-actions-positives\/\" \/>\n<meta property=\"og:locale\" content=\"en_US\" \/>\n<meta property=\"og:type\" content=\"article\" \/>\n<meta property=\"og:title\" content=\"Remise du label des Actions positives - INDR\" \/>\n<meta property=\"og:description\" content=\"La ministre de l\u2019Egalit\u00e9 entre les femmes et les hommes, Taina Bofferding, remet le mercredi 13 novembre 2019 \u00e0 18 heures le label des Actions positives.\" \/>\n<meta property=\"og:url\" content=\"https:\/\/indr.lu\/fr\/event\/remise-du-label-des-actions-positives\/\" \/>\n<meta property=\"og:site_name\" content=\"INDR\" \/>\n<meta property=\"article:publisher\" content=\"https:\/\/www.facebook.com\/INDR.lu\" \/>\n<meta property=\"article:modified_time\" content=\"2021-06-09T08:58:52+00:00\" \/>\n<meta property=\"og:image\" content=\"https:\/\/indr.lu\/wp-content\/uploads\/2019\/11\/MEC-label-01-pa-mdpi.png\" \/>\n\t<meta property=\"og:image:width\" content=\"320\" \/>\n\t<meta property=\"og:image:height\" content=\"320\" \/>\n\t<meta property=\"og:image:type\" content=\"image\/png\" \/>\n<meta name=\"twitter:card\" content=\"summary_large_image\" \/>\n<meta name=\"twitter:label1\" content=\"Est. reading time\" \/>\n\t<meta name=\"twitter:data1\" content=\"1 minute\" \/>\n<script type=\"application\/ld+json\" class=\"yoast-schema-graph\">{\"@context\":\"https:\\\/\\\/schema.org\",\"@graph\":[{\"@type\":\"WebPage\",\"@id\":\"https:\\\/\\\/indr.lu\\\/fr\\\/event\\\/remise-du-label-des-actions-positives\\\/\",\"url\":\"https:\\\/\\\/indr.lu\\\/fr\\\/event\\\/remise-du-label-des-actions-positives\\\/\",\"name\":\"Remise du label des Actions positives - INDR\",\"isPartOf\":{\"@id\":\"https:\\\/\\\/indr.lu\\\/fr\\\/#website\"},\"primaryImageOfPage\":{\"@id\":\"https:\\\/\\\/indr.lu\\\/fr\\\/event\\\/remise-du-label-des-actions-positives\\\/#primaryimage\"},\"image\":{\"@id\":\"https:\\\/\\\/indr.lu\\\/fr\\\/event\\\/remise-du-label-des-actions-positives\\\/#primaryimage\"},\"thumbnailUrl\":\"https:\\\/\\\/indr.lu\\\/wp-content\\\/uploads\\\/2019\\\/11\\\/MEC-label-01-pa-mdpi.png\",\"datePublished\":\"2019-11-13T17:45:25+00:00\",\"dateModified\":\"2021-06-09T08:58:52+00:00\",\"breadcrumb\":{\"@id\":\"https:\\\/\\\/indr.lu\\\/fr\\\/event\\\/remise-du-label-des-actions-positives\\\/#breadcrumb\"},\"inLanguage\":\"en-US\",\"potentialAction\":[{\"@type\":\"ReadAction\",\"target\":[\"https:\\\/\\\/indr.lu\\\/fr\\\/event\\\/remise-du-label-des-actions-positives\\\/\"]}]},{\"@type\":\"ImageObject\",\"inLanguage\":\"en-US\",\"@id\":\"https:\\\/\\\/indr.lu\\\/fr\\\/event\\\/remise-du-label-des-actions-positives\\\/#primaryimage\",\"url\":\"https:\\\/\\\/indr.lu\\\/wp-content\\\/uploads\\\/2019\\\/11\\\/MEC-label-01-pa-mdpi.png\",\"contentUrl\":\"https:\\\/\\\/indr.lu\\\/wp-content\\\/uploads\\\/2019\\\/11\\\/MEC-label-01-pa-mdpi.png\",\"width\":320,\"height\":320},{\"@type\":\"BreadcrumbList\",\"@id\":\"https:\\\/\\\/indr.lu\\\/fr\\\/event\\\/remise-du-label-des-actions-positives\\\/#breadcrumb\",\"itemListElement\":[{\"@type\":\"ListItem\",\"position\":1,\"name\":\"Home\",\"item\":\"https:\\\/\\\/indr.lu\\\/fr\\\/\"},{\"@type\":\"ListItem\",\"position\":2,\"name\":\"Remise du label des Actions positives\"}]},{\"@type\":\"WebSite\",\"@id\":\"https:\\\/\\\/indr.lu\\\/fr\\\/#website\",\"url\":\"https:\\\/\\\/indr.lu\\\/fr\\\/\",\"name\":\"INDR\",\"description\":\"Institut National pour le D\u00e9veloppement durable et la Responsabilit\u00e9 sociale des entreprises\",\"publisher\":{\"@id\":\"https:\\\/\\\/indr.lu\\\/fr\\\/#organization\"},\"potentialAction\":[{\"@type\":\"SearchAction\",\"target\":{\"@type\":\"EntryPoint\",\"urlTemplate\":\"https:\\\/\\\/indr.lu\\\/fr\\\/?s={search_term_string}\"},\"query-input\":{\"@type\":\"PropertyValueSpecification\",\"valueRequired\":true,\"valueName\":\"search_term_string\"}}],\"inLanguage\":\"en-US\"},{\"@type\":\"Organization\",\"@id\":\"https:\\\/\\\/indr.lu\\\/fr\\\/#organization\",\"name\":\"INDR\",\"alternateName\":\"L\u2019Institut National pour le D\u00e9veloppement durable et la Responsabilit\u00e9 sociale des entreprises\",\"url\":\"https:\\\/\\\/indr.lu\\\/fr\\\/\",\"logo\":{\"@type\":\"ImageObject\",\"inLanguage\":\"en-US\",\"@id\":\"https:\\\/\\\/indr.lu\\\/fr\\\/#\\\/schema\\\/logo\\\/image\\\/\",\"url\":\"https:\\\/\\\/indr.lu\\\/wp-content\\\/uploads\\\/2021\\\/04\\\/indr-logo.svg\",\"contentUrl\":\"https:\\\/\\\/indr.lu\\\/wp-content\\\/uploads\\\/2021\\\/04\\\/indr-logo.svg\",\"width\":\"1024\",\"height\":\"1024\",\"caption\":\"INDR\"},\"image\":{\"@id\":\"https:\\\/\\\/indr.lu\\\/fr\\\/#\\\/schema\\\/logo\\\/image\\\/\"},\"sameAs\":[\"https:\\\/\\\/www.facebook.com\\\/INDR.lu\",\"https:\\\/\\\/www.linkedin.com\\\/company\\\/indr---institut-national-pour-le-d-veloppement-durable-et-la-responsabilit-des-entreprises\\\/\"]}]}<\/script>\n<!-- \/ Yoast SEO plugin. -->","yoast_head_json":{"title":"Remise du label des Actions positives - INDR","robots":{"index":"index","follow":"follow","max-snippet":"max-snippet:-1","max-image-preview":"max-image-preview:large","max-video-preview":"max-video-preview:-1"},"canonical":"https:\/\/indr.lu\/fr\/event\/remise-du-label-des-actions-positives\/","og_locale":"en_US","og_type":"article","og_title":"Remise du label des Actions positives - INDR","og_description":"La ministre de l\u2019Egalit\u00e9 entre les femmes et les hommes, Taina Bofferding, remet le mercredi 13 novembre 2019 \u00e0 18 heures le label des Actions positives.","og_url":"https:\/\/indr.lu\/fr\/event\/remise-du-label-des-actions-positives\/","og_site_name":"INDR","article_publisher":"https:\/\/www.facebook.com\/INDR.lu","article_modified_time":"2021-06-09T08:58:52+00:00","og_image":[{"width":320,"height":320,"url":"https:\/\/indr.lu\/wp-content\/uploads\/2019\/11\/MEC-label-01-pa-mdpi.png","type":"image\/png"}],"twitter_card":"summary_large_image","twitter_misc":{"Est. reading time":"1 minute"},"schema":{"@context":"https:\/\/schema.org","@graph":[{"@type":"WebPage","@id":"https:\/\/indr.lu\/fr\/event\/remise-du-label-des-actions-positives\/","url":"https:\/\/indr.lu\/fr\/event\/remise-du-label-des-actions-positives\/","name":"Remise du label des Actions positives - INDR","isPartOf":{"@id":"https:\/\/indr.lu\/fr\/#website"},"primaryImageOfPage":{"@id":"https:\/\/indr.lu\/fr\/event\/remise-du-label-des-actions-positives\/#primaryimage"},"image":{"@id":"https:\/\/indr.lu\/fr\/event\/remise-du-label-des-actions-positives\/#primaryimage"},"thumbnailUrl":"https:\/\/indr.lu\/wp-content\/uploads\/2019\/11\/MEC-label-01-pa-mdpi.png","datePublished":"2019-11-13T17:45:25+00:00","dateModified":"2021-06-09T08:58:52+00:00","breadcrumb":{"@id":"https:\/\/indr.lu\/fr\/event\/remise-du-label-des-actions-positives\/#breadcrumb"},"inLanguage":"en-US","potentialAction":[{"@type":"ReadAction","target":["https:\/\/indr.lu\/fr\/event\/remise-du-label-des-actions-positives\/"]}]},{"@type":"ImageObject","inLanguage":"en-US","@id":"https:\/\/indr.lu\/fr\/event\/remise-du-label-des-actions-positives\/#primaryimage","url":"https:\/\/indr.lu\/wp-content\/uploads\/2019\/11\/MEC-label-01-pa-mdpi.png","contentUrl":"https:\/\/indr.lu\/wp-content\/uploads\/2019\/11\/MEC-label-01-pa-mdpi.png","width":320,"height":320},{"@type":"BreadcrumbList","@id":"https:\/\/indr.lu\/fr\/event\/remise-du-label-des-actions-positives\/#breadcrumb","itemListElement":[{"@type":"ListItem","position":1,"name":"Home","item":"https:\/\/indr.lu\/fr\/"},{"@type":"ListItem","position":2,"name":"Remise du label des Actions positives"}]},{"@type":"WebSite","@id":"https:\/\/indr.lu\/fr\/#website","url":"https:\/\/indr.lu\/fr\/","name":"INDR","description":"Institut National pour le D\u00e9veloppement durable et la Responsabilit\u00e9 sociale des entreprises","publisher":{"@id":"https:\/\/indr.lu\/fr\/#organization"},"potentialAction":[{"@type":"SearchAction","target":{"@type":"EntryPoint","urlTemplate":"https:\/\/indr.lu\/fr\/?s={search_term_string}"},"query-input":{"@type":"PropertyValueSpecification","valueRequired":true,"valueName":"search_term_string"}}],"inLanguage":"en-US"},{"@type":"Organization","@id":"https:\/\/indr.lu\/fr\/#organization","name":"INDR","alternateName":"L\u2019Institut National pour le D\u00e9veloppement durable et la Responsabilit\u00e9 sociale des entreprises","url":"https:\/\/indr.lu\/fr\/","logo":{"@type":"ImageObject","inLanguage":"en-US","@id":"https:\/\/indr.lu\/fr\/#\/schema\/logo\/image\/","url":"https:\/\/indr.lu\/wp-content\/uploads\/2021\/04\/indr-logo.svg","contentUrl":"https:\/\/indr.lu\/wp-content\/uploads\/2021\/04\/indr-logo.svg","width":"1024","height":"1024","caption":"INDR"},"image":{"@id":"https:\/\/indr.lu\/fr\/#\/schema\/logo\/image\/"},"sameAs":["https:\/\/www.facebook.com\/INDR.lu","https:\/\/www.linkedin.com\/company\/indr---institut-national-pour-le-d-veloppement-durable-et-la-responsabilit-des-entreprises\/"]}]}},"_links":{"self":[{"href":"https:\/\/indr.lu\/en\/wp-json\/wp\/v2\/event\/1954","targetHints":{"allow":["GET"]}}],"collection":[{"href":"https:\/\/indr.lu\/en\/wp-json\/wp\/v2\/event"}],"about":[{"href":"https:\/\/indr.lu\/en\/wp-json\/wp\/v2\/types\/event"}],"wp:featuredmedia":[{"embeddable":true,"href":"https:\/\/indr.lu\/en\/wp-json\/wp\/v2\/media\/8964"}],"wp:attachment":[{"href":"https:\/\/indr.lu\/en\/wp-json\/wp\/v2\/media?parent=1954"}],"wp:term":[{"taxonomy":"events_categories","embeddable":true,"href":"https:\/\/indr.lu\/en\/wp-json\/wp\/v2\/events_categories?post=1954"}],"curies":[{"name":"wp","href":"https:\/\/api.w.org\/{rel}","templated":true}]}}

[vc_row type=&#8221;in_container&#8221; full_screen_row_position=&#8221;middle&#8221; column_margin=&#8221;default&#8221; column_direction=&#8221;default&#8221; column_direction_tablet=&#8221;default&#8221; column_direction_phone=&#8221;default&#8221; scene_position=&#8221;center&#8221; text_color=&#8221;dark&#8221; text_align=&#8221;left&#8221; row_border_radius=&#8221;none&#8221; row_border_radius_applies=&#8221;bg&#8221; overlay_strength=&#8221;0.3&#8243; gradient_direction=&#8221;left_to_right&#8221; shape_divider_position=&#8221;bottom&#8221; bg_image_animation=&#8221;none&#8221;][vc_column column_padding=&#8221;no-extra-padding&#8221; column_padding_tablet=&#8221;inherit&#8221; column_padding_phone=&#8221;inherit&#8221; column_padding_position=&#8221;all&#8221; column_element_spacing=&#8221;default&#8221; background_color_opacity=&#8221;1&#8243; background_hover_color_opacity=&#8221;1&#8243; column_shadow=&#8221;none&#8221; column_border_radius=&#8221;none&#8221; column_link_target=&#8221;_self&#8221; gradient_direction=&#8221;left_to_right&#8221; overlay_strength=&#8221;0.3&#8243; width=&#8221;1/1&#8243; tablet_width_inherit=&#8221;default&#8221; tablet_text_alignment=&#8221;default&#8221; phone_text_alignment=&#8221;default&#8221; bg_image_animation=&#8221;none&#8221; border_type=&#8221;simple&#8221; column_border_width=&#8221;none&#8221; column_border_style=&#8221;solid&#8221;][vc_column_text]La ministre de l’Egalité entre les femmes et les hommes, Taina Bofferding, remet le mercredi 13 novembre 2019 à 18 heures le label des Actions positives. Venez découvrir les projets des six entreprises lauréates lors de la soirée à l’Athénée de Luxembourg et rejoignez-nous pour célébrer l’engagement pour l’égalité entre femmes et hommes dans l’emploi. (24 Boulevard Pierre Dupong, 1430 Luxembourg)</p>
<p><strong>Au programme</strong><br />
18h00 &#8211; Accueil des invité(e)s<br />
18h30 &#8211; Mot de bienvenue<br />
18h35 &#8211; Discours de Madame la Ministre, Taina Bofferding<br />
18h45 &#8211; Présentation des lauréats et remise des labels<br />
20h00 &#8211; Cocktail dînatoire</p>
<p>La soirée sera modérée par Bérengère Beffort</p>
<p>Au plaisir de vous retrouver à la remise des prix.</p>
<p><a href="mailto:adrienne.jopa@mega.etat.lu?subject=Je%20participe%20au%20label%20Actions%20Positives%202019">Inscription en ligne ici</a></p>
[/vc_column_text][/vc_column][/vc_row]

<!-- This site is optimized with the Yoast SEO plugin v27.5 - https://yoast.com/product/yoast-seo-wordpress/ -->
<title>Remise du label des Actions positives - INDR</title>
<meta name="robots" content="index, follow, max-snippet:-1, max-image-preview:large, max-video-preview:-1" />
<link rel="canonical" href="https://indr.lu/fr/event/remise-du-label-des-actions-positives/" />
<meta property="og:locale" content="en_US" />
<meta property="og:type" content="article" />
<meta property="og:title" content="Remise du label des Actions positives - INDR" />
<meta property="og:description" content="La ministre de l’Egalité entre les femmes et les hommes, Taina Bofferding, remet le mercredi 13 novembre 2019 à 18 heures le label des Actions positives." />
<meta property="og:url" content="https://indr.lu/fr/event/remise-du-label-des-actions-positives/" />
<meta property="og:site_name" content="INDR" />
<meta property="article:publisher" content="https://www.facebook.com/INDR.lu" />
<meta property="article:modified_time" content="2021-06-09T08:58:52+00:00" />
<meta property="og:image" content="https://indr.lu/wp-content/uploads/2019/11/MEC-label-01-pa-mdpi.png" />
	<meta property="og:image:width" content="320" />
	<meta property="og:image:height" content="320" />
	<meta property="og:image:type" content="image/png" />
<meta name="twitter:card" content="summary_large_image" />
<meta name="twitter:label1" content="Est. reading time" />
	<meta name="twitter:data1" content="1 minute" />
<script type="application/ld+json" class="yoast-schema-graph">{"@context":"https:\/\/schema.org","@graph":[{"@type":"WebPage","@id":"https:\/\/indr.lu\/fr\/event\/remise-du-label-des-actions-positives\/","url":"https:\/\/indr.lu\/fr\/event\/remise-du-label-des-actions-positives\/","name":"Remise du label des Actions positives - INDR","isPartOf":{"@id":"https:\/\/indr.lu\/fr\/#website"},"primaryImageOfPage":{"@id":"https:\/\/indr.lu\/fr\/event\/remise-du-label-des-actions-positives\/#primaryimage"},"image":{"@id":"https:\/\/indr.lu\/fr\/event\/remise-du-label-des-actions-positives\/#primaryimage"},"thumbnailUrl":"https:\/\/indr.lu\/wp-content\/uploads\/2019\/11\/MEC-label-01-pa-mdpi.png","datePublished":"2019-11-13T17:45:25+00:00","dateModified":"2021-06-09T08:58:52+00:00","breadcrumb":{"@id":"https:\/\/indr.lu\/fr\/event\/remise-du-label-des-actions-positives\/#breadcrumb"},"inLanguage":"en-US","potentialAction":[{"@type":"ReadAction","target":["https:\/\/indr.lu\/fr\/event\/remise-du-label-des-actions-positives\/"]}]},{"@type":"ImageObject","inLanguage":"en-US","@id":"https:\/\/indr.lu\/fr\/event\/remise-du-label-des-actions-positives\/#primaryimage","url":"https:\/\/indr.lu\/wp-content\/uploads\/2019\/11\/MEC-label-01-pa-mdpi.png","contentUrl":"https:\/\/indr.lu\/wp-content\/uploads\/2019\/11\/MEC-label-01-pa-mdpi.png","width":320,"height":320},{"@type":"BreadcrumbList","@id":"https:\/\/indr.lu\/fr\/event\/remise-du-label-des-actions-positives\/#breadcrumb","itemListElement":[{"@type":"ListItem","position":1,"name":"Home","item":"https:\/\/indr.lu\/fr\/"},{"@type":"ListItem","position":2,"name":"Remise du label des Actions positives"}]},{"@type":"WebSite","@id":"https:\/\/indr.lu\/fr\/#website","url":"https:\/\/indr.lu\/fr\/","name":"INDR","description":"Institut National pour le Développement durable et la Responsabilité sociale des entreprises","publisher":{"@id":"https:\/\/indr.lu\/fr\/#organization"},"potentialAction":[{"@type":"SearchAction","target":{"@type":"EntryPoint","urlTemplate":"https:\/\/indr.lu\/fr\/?s={search_term_string}"},"query-input":{"@type":"PropertyValueSpecification","valueRequired":true,"valueName":"search_term_string"}}],"inLanguage":"en-US"},{"@type":"Organization","@id":"https:\/\/indr.lu\/fr\/#organization","name":"INDR","alternateName":"L’Institut National pour le Développement durable et la Responsabilité sociale des entreprises","url":"https:\/\/indr.lu\/fr\/","logo":{"@type":"ImageObject","inLanguage":"en-US","@id":"https:\/\/indr.lu\/fr\/#\/schema\/logo\/image\/","url":"https:\/\/indr.lu\/wp-content\/uploads\/2021\/04\/indr-logo.svg","contentUrl":"https:\/\/indr.lu\/wp-content\/uploads\/2021\/04\/indr-logo.svg","width":"1024","height":"1024","caption":"INDR"},"image":{"@id":"https:\/\/indr.lu\/fr\/#\/schema\/logo\/image\/"},"sameAs":["https:\/\/www.facebook.com\/INDR.lu","https:\/\/www.linkedin.com\/company\/indr---institut-national-pour-le-d-veloppement-durable-et-la-responsabilit-des-entreprises\/"]}]}</script>
<!-- / Yoast SEO plugin. -->

La ministre de l’Egalité entre les femmes et les hommes, Taina Bofferding, remet le mercredi 13 novembre 2019 à 18 heures le label des Actions positives.

Institut National pour le Développement durable et la Responsabilité sociale des entreprises

L’Institut National pour le Développement durable et la Responsabilité sociale des entreprises
