{"id":873,"date":"2020-11-26T08:04:00","date_gmt":"2020-11-26T07:04:00","guid":{"rendered":"https:\/\/indr.lu\/?p=873"},"modified":"2021-06-04T14:50:34","modified_gmt":"2021-06-04T14:50:34","slug":"human-capital-europe-26-11-2020","status":"publish","type":"event","link":"https:\/\/indr.lu\/en\/event\/human-capital-europe-26-11-2020\/","title":{"rendered":"Human Capital Europe 26.11.2020"},"content":{"rendered":"[vc_row type=&#8221;in_container&#8221; full_screen_row_position=&#8221;middle&#8221; column_margin=&#8221;default&#8221; column_direction=&#8221;default&#8221; column_direction_tablet=&#8221;default&#8221; column_direction_phone=&#8221;default&#8221; scene_position=&#8221;center&#8221; text_color=&#8221;dark&#8221; text_align=&#8221;left&#8221; row_border_radius=&#8221;none&#8221; row_border_radius_applies=&#8221;bg&#8221; overlay_strength=&#8221;0.3&#8243; gradient_direction=&#8221;left_to_right&#8221; shape_divider_position=&#8221;bottom&#8221; bg_image_animation=&#8221;none&#8221;][vc_column column_padding=&#8221;no-extra-padding&#8221; column_padding_tablet=&#8221;inherit&#8221; column_padding_phone=&#8221;inherit&#8221; column_padding_position=&#8221;all&#8221; column_element_spacing=&#8221;default&#8221; background_color_opacity=&#8221;1&#8243; background_hover_color_opacity=&#8221;1&#8243; column_shadow=&#8221;none&#8221; column_border_radius=&#8221;none&#8221; column_link_target=&#8221;_self&#8221; gradient_direction=&#8221;left_to_right&#8221; overlay_strength=&#8221;0.3&#8243; width=&#8221;1\/1&#8243; tablet_width_inherit=&#8221;default&#8221; tablet_text_alignment=&#8221;default&#8221; phone_text_alignment=&#8221;default&#8221; bg_image_animation=&#8221;none&#8221; border_type=&#8221;simple&#8221; column_border_width=&#8221;none&#8221; column_border_style=&#8221;solid&#8221;][vc_column_text]<img decoding=\"async\" src=\"https:\/\/indr.lu\/wp-content\/uploads\/2020\/09\/HCE_INST_registernow_2020_1080x1080.jpg\" sizes=\"(max-width: 1045px) 100vw, 1045px\" srcset=\"https:\/\/indr.lu\/wp-content\/uploads\/2020\/09\/HCE_INST_registernow_2020_1080x1080.jpg 1045w, https:\/\/indr.lu\/wp-content\/uploads\/2020\/09\/HCE_INST_registernow_2020_1080x1080-300x105.jpg 300w, https:\/\/indr.lu\/wp-content\/uploads\/2020\/09\/HCE_INST_registernow_2020_1080x1080-768x268.jpg 768w, https:\/\/indr.lu\/wp-content\/uploads\/2020\/09\/HCE_INST_registernow_2020_1080x1080-1024x358.jpg 1024w\" alt=\"\" width=\"1045\" height=\"365\" \/><\/p>\n<p>La deuxi\u00e8me \u00e9dition du Human Capital Europe, se d\u00e9roulera le 26 novembre prochain, au European Convention Center Luxembourg (ECCL). Cette ann\u00e9e, celui-ci se composera d\u2019une session d\u2019ouverture sur les leaders de demain, du HR Summit, du Healthcare Summit, des c\u00e9r\u00e9monies des Luxembourg HR Awards et des Luxembourg Healthcare Awards. En effet, dans le contexte particulier et suite \u00e0 la pand\u00e9mie de Covid-19 qui a boulevers\u00e9 nos habitudes, Farvest a souhait\u00e9 r\u00e9unir deux \u00e9v\u00e9nements se consacrant \u00e0 l\u2019humain: une d\u00e9cision qui s\u2019inscrit dans la volont\u00e9 de mettre en valeur les professionnels RH et de la sant\u00e9, pour leur engagement extraordinaire en cette p\u00e9riode.<\/p>\n[\/vc_column_text][\/vc_column][\/vc_row]\n","protected":false},"featured_media":8848,"template":"","events_categories":[115],"class_list":{"0":"post-873","1":"event","2":"type-event","3":"status-publish","4":"has-post-thumbnail","6":"events_categories-conferences"},"acf":[],"yoast_head":"<!-- This site is optimized with the Yoast SEO plugin v27.5 - https:\/\/yoast.com\/product\/yoast-seo-wordpress\/ -->\n<title>Human Capital Europe 26.11.2020 - INDR<\/title>\n<meta name=\"robots\" content=\"index, follow, max-snippet:-1, max-image-preview:large, max-video-preview:-1\" \/>\n<link rel=\"canonical\" href=\"https:\/\/indr.lu\/fr\/event\/human-capital-europe-26-11-2020\/\" \/>\n<meta property=\"og:locale\" content=\"en_US\" \/>\n<meta property=\"og:type\" content=\"article\" \/>\n<meta property=\"og:title\" content=\"Human Capital Europe 26.11.2020 - INDR\" \/>\n<meta property=\"og:description\" content=\"La deuxi\u00e8me \u00e9dition du Human Capital Europe, se d\u00e9roulera le 26 novembre prochain, au European Convention Center Luxembourg (ECCL).\" \/>\n<meta property=\"og:url\" content=\"https:\/\/indr.lu\/fr\/event\/human-capital-europe-26-11-2020\/\" \/>\n<meta property=\"og:site_name\" content=\"INDR\" \/>\n<meta property=\"article:publisher\" content=\"https:\/\/www.facebook.com\/INDR.lu\" \/>\n<meta property=\"article:modified_time\" content=\"2021-06-04T14:50:34+00:00\" \/>\n<meta property=\"og:image\" content=\"https:\/\/indr.lu\/wp-content\/uploads\/2020\/09\/HCE_INST_registernow_2020_1080x1080.jpg\" \/>\n\t<meta property=\"og:image:width\" content=\"1045\" \/>\n\t<meta property=\"og:image:height\" content=\"365\" \/>\n\t<meta property=\"og:image:type\" content=\"image\/jpeg\" \/>\n<meta name=\"twitter:card\" content=\"summary_large_image\" \/>\n<meta name=\"twitter:label1\" content=\"Est. reading time\" \/>\n\t<meta name=\"twitter:data1\" content=\"1 minute\" \/>\n<script type=\"application\/ld+json\" class=\"yoast-schema-graph\">{\"@context\":\"https:\\\/\\\/schema.org\",\"@graph\":[{\"@type\":\"WebPage\",\"@id\":\"https:\\\/\\\/indr.lu\\\/fr\\\/event\\\/human-capital-europe-26-11-2020\\\/\",\"url\":\"https:\\\/\\\/indr.lu\\\/fr\\\/event\\\/human-capital-europe-26-11-2020\\\/\",\"name\":\"Human Capital Europe 26.11.2020 - INDR\",\"isPartOf\":{\"@id\":\"https:\\\/\\\/indr.lu\\\/fr\\\/#website\"},\"primaryImageOfPage\":{\"@id\":\"https:\\\/\\\/indr.lu\\\/fr\\\/event\\\/human-capital-europe-26-11-2020\\\/#primaryimage\"},\"image\":{\"@id\":\"https:\\\/\\\/indr.lu\\\/fr\\\/event\\\/human-capital-europe-26-11-2020\\\/#primaryimage\"},\"thumbnailUrl\":\"https:\\\/\\\/indr.lu\\\/wp-content\\\/uploads\\\/2020\\\/09\\\/HCE_INST_registernow_2020_1080x1080.jpg\",\"datePublished\":\"2020-11-26T07:04:00+00:00\",\"dateModified\":\"2021-06-04T14:50:34+00:00\",\"breadcrumb\":{\"@id\":\"https:\\\/\\\/indr.lu\\\/fr\\\/event\\\/human-capital-europe-26-11-2020\\\/#breadcrumb\"},\"inLanguage\":\"en-US\",\"potentialAction\":[{\"@type\":\"ReadAction\",\"target\":[\"https:\\\/\\\/indr.lu\\\/fr\\\/event\\\/human-capital-europe-26-11-2020\\\/\"]}]},{\"@type\":\"ImageObject\",\"inLanguage\":\"en-US\",\"@id\":\"https:\\\/\\\/indr.lu\\\/fr\\\/event\\\/human-capital-europe-26-11-2020\\\/#primaryimage\",\"url\":\"https:\\\/\\\/indr.lu\\\/wp-content\\\/uploads\\\/2020\\\/09\\\/HCE_INST_registernow_2020_1080x1080.jpg\",\"contentUrl\":\"https:\\\/\\\/indr.lu\\\/wp-content\\\/uploads\\\/2020\\\/09\\\/HCE_INST_registernow_2020_1080x1080.jpg\",\"width\":1045,\"height\":365},{\"@type\":\"BreadcrumbList\",\"@id\":\"https:\\\/\\\/indr.lu\\\/fr\\\/event\\\/human-capital-europe-26-11-2020\\\/#breadcrumb\",\"itemListElement\":[{\"@type\":\"ListItem\",\"position\":1,\"name\":\"Home\",\"item\":\"https:\\\/\\\/indr.lu\\\/fr\\\/\"},{\"@type\":\"ListItem\",\"position\":2,\"name\":\"Human Capital Europe 26.11.2020\"}]},{\"@type\":\"WebSite\",\"@id\":\"https:\\\/\\\/indr.lu\\\/fr\\\/#website\",\"url\":\"https:\\\/\\\/indr.lu\\\/fr\\\/\",\"name\":\"INDR\",\"description\":\"Institut National pour le D\u00e9veloppement durable et la Responsabilit\u00e9 sociale des entreprises\",\"publisher\":{\"@id\":\"https:\\\/\\\/indr.lu\\\/fr\\\/#organization\"},\"potentialAction\":[{\"@type\":\"SearchAction\",\"target\":{\"@type\":\"EntryPoint\",\"urlTemplate\":\"https:\\\/\\\/indr.lu\\\/fr\\\/?s={search_term_string}\"},\"query-input\":{\"@type\":\"PropertyValueSpecification\",\"valueRequired\":true,\"valueName\":\"search_term_string\"}}],\"inLanguage\":\"en-US\"},{\"@type\":\"Organization\",\"@id\":\"https:\\\/\\\/indr.lu\\\/fr\\\/#organization\",\"name\":\"INDR\",\"alternateName\":\"L\u2019Institut National pour le D\u00e9veloppement durable et la Responsabilit\u00e9 sociale des entreprises\",\"url\":\"https:\\\/\\\/indr.lu\\\/fr\\\/\",\"logo\":{\"@type\":\"ImageObject\",\"inLanguage\":\"en-US\",\"@id\":\"https:\\\/\\\/indr.lu\\\/fr\\\/#\\\/schema\\\/logo\\\/image\\\/\",\"url\":\"https:\\\/\\\/indr.lu\\\/wp-content\\\/uploads\\\/2021\\\/04\\\/indr-logo.svg\",\"contentUrl\":\"https:\\\/\\\/indr.lu\\\/wp-content\\\/uploads\\\/2021\\\/04\\\/indr-logo.svg\",\"width\":\"1024\",\"height\":\"1024\",\"caption\":\"INDR\"},\"image\":{\"@id\":\"https:\\\/\\\/indr.lu\\\/fr\\\/#\\\/schema\\\/logo\\\/image\\\/\"},\"sameAs\":[\"https:\\\/\\\/www.facebook.com\\\/INDR.lu\",\"https:\\\/\\\/www.linkedin.com\\\/company\\\/indr---institut-national-pour-le-d-veloppement-durable-et-la-responsabilit-des-entreprises\\\/\"]}]}<\/script>\n<!-- \/ Yoast SEO plugin. -->","yoast_head_json":{"title":"Human Capital Europe 26.11.2020 - INDR","robots":{"index":"index","follow":"follow","max-snippet":"max-snippet:-1","max-image-preview":"max-image-preview:large","max-video-preview":"max-video-preview:-1"},"canonical":"https:\/\/indr.lu\/fr\/event\/human-capital-europe-26-11-2020\/","og_locale":"en_US","og_type":"article","og_title":"Human Capital Europe 26.11.2020 - INDR","og_description":"La deuxi\u00e8me \u00e9dition du Human Capital Europe, se d\u00e9roulera le 26 novembre prochain, au European Convention Center Luxembourg (ECCL).","og_url":"https:\/\/indr.lu\/fr\/event\/human-capital-europe-26-11-2020\/","og_site_name":"INDR","article_publisher":"https:\/\/www.facebook.com\/INDR.lu","article_modified_time":"2021-06-04T14:50:34+00:00","og_image":[{"width":1045,"height":365,"url":"https:\/\/indr.lu\/wp-content\/uploads\/2020\/09\/HCE_INST_registernow_2020_1080x1080.jpg","type":"image\/jpeg"}],"twitter_card":"summary_large_image","twitter_misc":{"Est. reading time":"1 minute"},"schema":{"@context":"https:\/\/schema.org","@graph":[{"@type":"WebPage","@id":"https:\/\/indr.lu\/fr\/event\/human-capital-europe-26-11-2020\/","url":"https:\/\/indr.lu\/fr\/event\/human-capital-europe-26-11-2020\/","name":"Human Capital Europe 26.11.2020 - INDR","isPartOf":{"@id":"https:\/\/indr.lu\/fr\/#website"},"primaryImageOfPage":{"@id":"https:\/\/indr.lu\/fr\/event\/human-capital-europe-26-11-2020\/#primaryimage"},"image":{"@id":"https:\/\/indr.lu\/fr\/event\/human-capital-europe-26-11-2020\/#primaryimage"},"thumbnailUrl":"https:\/\/indr.lu\/wp-content\/uploads\/2020\/09\/HCE_INST_registernow_2020_1080x1080.jpg","datePublished":"2020-11-26T07:04:00+00:00","dateModified":"2021-06-04T14:50:34+00:00","breadcrumb":{"@id":"https:\/\/indr.lu\/fr\/event\/human-capital-europe-26-11-2020\/#breadcrumb"},"inLanguage":"en-US","potentialAction":[{"@type":"ReadAction","target":["https:\/\/indr.lu\/fr\/event\/human-capital-europe-26-11-2020\/"]}]},{"@type":"ImageObject","inLanguage":"en-US","@id":"https:\/\/indr.lu\/fr\/event\/human-capital-europe-26-11-2020\/#primaryimage","url":"https:\/\/indr.lu\/wp-content\/uploads\/2020\/09\/HCE_INST_registernow_2020_1080x1080.jpg","contentUrl":"https:\/\/indr.lu\/wp-content\/uploads\/2020\/09\/HCE_INST_registernow_2020_1080x1080.jpg","width":1045,"height":365},{"@type":"BreadcrumbList","@id":"https:\/\/indr.lu\/fr\/event\/human-capital-europe-26-11-2020\/#breadcrumb","itemListElement":[{"@type":"ListItem","position":1,"name":"Home","item":"https:\/\/indr.lu\/fr\/"},{"@type":"ListItem","position":2,"name":"Human Capital Europe 26.11.2020"}]},{"@type":"WebSite","@id":"https:\/\/indr.lu\/fr\/#website","url":"https:\/\/indr.lu\/fr\/","name":"INDR","description":"Institut National pour le D\u00e9veloppement durable et la Responsabilit\u00e9 sociale des entreprises","publisher":{"@id":"https:\/\/indr.lu\/fr\/#organization"},"potentialAction":[{"@type":"SearchAction","target":{"@type":"EntryPoint","urlTemplate":"https:\/\/indr.lu\/fr\/?s={search_term_string}"},"query-input":{"@type":"PropertyValueSpecification","valueRequired":true,"valueName":"search_term_string"}}],"inLanguage":"en-US"},{"@type":"Organization","@id":"https:\/\/indr.lu\/fr\/#organization","name":"INDR","alternateName":"L\u2019Institut National pour le D\u00e9veloppement durable et la Responsabilit\u00e9 sociale des entreprises","url":"https:\/\/indr.lu\/fr\/","logo":{"@type":"ImageObject","inLanguage":"en-US","@id":"https:\/\/indr.lu\/fr\/#\/schema\/logo\/image\/","url":"https:\/\/indr.lu\/wp-content\/uploads\/2021\/04\/indr-logo.svg","contentUrl":"https:\/\/indr.lu\/wp-content\/uploads\/2021\/04\/indr-logo.svg","width":"1024","height":"1024","caption":"INDR"},"image":{"@id":"https:\/\/indr.lu\/fr\/#\/schema\/logo\/image\/"},"sameAs":["https:\/\/www.facebook.com\/INDR.lu","https:\/\/www.linkedin.com\/company\/indr---institut-national-pour-le-d-veloppement-durable-et-la-responsabilit-des-entreprises\/"]}]}},"_links":{"self":[{"href":"https:\/\/indr.lu\/en\/wp-json\/wp\/v2\/event\/873","targetHints":{"allow":["GET"]}}],"collection":[{"href":"https:\/\/indr.lu\/en\/wp-json\/wp\/v2\/event"}],"about":[{"href":"https:\/\/indr.lu\/en\/wp-json\/wp\/v2\/types\/event"}],"wp:featuredmedia":[{"embeddable":true,"href":"https:\/\/indr.lu\/en\/wp-json\/wp\/v2\/media\/8848"}],"wp:attachment":[{"href":"https:\/\/indr.lu\/en\/wp-json\/wp\/v2\/media?parent=873"}],"wp:term":[{"taxonomy":"events_categories","embeddable":true,"href":"https:\/\/indr.lu\/en\/wp-json\/wp\/v2\/events_categories?post=873"}],"curies":[{"name":"wp","href":"https:\/\/api.w.org\/{rel}","templated":true}]}}

[vc_row type=&#8221;in_container&#8221; full_screen_row_position=&#8221;middle&#8221; column_margin=&#8221;default&#8221; column_direction=&#8221;default&#8221; column_direction_tablet=&#8221;default&#8221; column_direction_phone=&#8221;default&#8221; scene_position=&#8221;center&#8221; text_color=&#8221;dark&#8221; text_align=&#8221;left&#8221; row_border_radius=&#8221;none&#8221; row_border_radius_applies=&#8221;bg&#8221; overlay_strength=&#8221;0.3&#8243; gradient_direction=&#8221;left_to_right&#8221; shape_divider_position=&#8221;bottom&#8221; bg_image_animation=&#8221;none&#8221;][vc_column column_padding=&#8221;no-extra-padding&#8221; column_padding_tablet=&#8221;inherit&#8221; column_padding_phone=&#8221;inherit&#8221; column_padding_position=&#8221;all&#8221; column_element_spacing=&#8221;default&#8221; background_color_opacity=&#8221;1&#8243; background_hover_color_opacity=&#8221;1&#8243; column_shadow=&#8221;none&#8221; column_border_radius=&#8221;none&#8221; column_link_target=&#8221;_self&#8221; gradient_direction=&#8221;left_to_right&#8221; overlay_strength=&#8221;0.3&#8243; width=&#8221;1/1&#8243; tablet_width_inherit=&#8221;default&#8221; tablet_text_alignment=&#8221;default&#8221; phone_text_alignment=&#8221;default&#8221; bg_image_animation=&#8221;none&#8221; border_type=&#8221;simple&#8221; column_border_width=&#8221;none&#8221; column_border_style=&#8221;solid&#8221;][vc_column_text]<img decoding="async" src="https://indr.lu/wp-content/uploads/2020/09/HCE_INST_registernow_2020_1080x1080.jpg" sizes="(max-width: 1045px) 100vw, 1045px" srcset="https://indr.lu/wp-content/uploads/2020/09/HCE_INST_registernow_2020_1080x1080.jpg 1045w, https://indr.lu/wp-content/uploads/2020/09/HCE_INST_registernow_2020_1080x1080-300x105.jpg 300w, https://indr.lu/wp-content/uploads/2020/09/HCE_INST_registernow_2020_1080x1080-768x268.jpg 768w, https://indr.lu/wp-content/uploads/2020/09/HCE_INST_registernow_2020_1080x1080-1024x358.jpg 1024w" alt="" width="1045" height="365" /></p>
<p>La deuxième édition du Human Capital Europe, se déroulera le 26 novembre prochain, au European Convention Center Luxembourg (ECCL). Cette année, celui-ci se composera d’une session d’ouverture sur les leaders de demain, du HR Summit, du Healthcare Summit, des cérémonies des Luxembourg HR Awards et des Luxembourg Healthcare Awards. En effet, dans le contexte particulier et suite à la pandémie de Covid-19 qui a bouleversé nos habitudes, Farvest a souhaité réunir deux événements se consacrant à l’humain: une décision qui s’inscrit dans la volonté de mettre en valeur les professionnels RH et de la santé, pour leur engagement extraordinaire en cette période.</p>
[/vc_column_text][/vc_column][/vc_row]

<!-- This site is optimized with the Yoast SEO plugin v27.5 - https://yoast.com/product/yoast-seo-wordpress/ -->
<title>Human Capital Europe 26.11.2020 - INDR</title>
<meta name="robots" content="index, follow, max-snippet:-1, max-image-preview:large, max-video-preview:-1" />
<link rel="canonical" href="https://indr.lu/fr/event/human-capital-europe-26-11-2020/" />
<meta property="og:locale" content="en_US" />
<meta property="og:type" content="article" />
<meta property="og:title" content="Human Capital Europe 26.11.2020 - INDR" />
<meta property="og:description" content="La deuxième édition du Human Capital Europe, se déroulera le 26 novembre prochain, au European Convention Center Luxembourg (ECCL)." />
<meta property="og:url" content="https://indr.lu/fr/event/human-capital-europe-26-11-2020/" />
<meta property="og:site_name" content="INDR" />
<meta property="article:publisher" content="https://www.facebook.com/INDR.lu" />
<meta property="article:modified_time" content="2021-06-04T14:50:34+00:00" />
<meta property="og:image" content="https://indr.lu/wp-content/uploads/2020/09/HCE_INST_registernow_2020_1080x1080.jpg" />
	<meta property="og:image:width" content="1045" />
	<meta property="og:image:height" content="365" />
	<meta property="og:image:type" content="image/jpeg" />
<meta name="twitter:card" content="summary_large_image" />
<meta name="twitter:label1" content="Est. reading time" />
	<meta name="twitter:data1" content="1 minute" />
<script type="application/ld+json" class="yoast-schema-graph">{"@context":"https:\/\/schema.org","@graph":[{"@type":"WebPage","@id":"https:\/\/indr.lu\/fr\/event\/human-capital-europe-26-11-2020\/","url":"https:\/\/indr.lu\/fr\/event\/human-capital-europe-26-11-2020\/","name":"Human Capital Europe 26.11.2020 - INDR","isPartOf":{"@id":"https:\/\/indr.lu\/fr\/#website"},"primaryImageOfPage":{"@id":"https:\/\/indr.lu\/fr\/event\/human-capital-europe-26-11-2020\/#primaryimage"},"image":{"@id":"https:\/\/indr.lu\/fr\/event\/human-capital-europe-26-11-2020\/#primaryimage"},"thumbnailUrl":"https:\/\/indr.lu\/wp-content\/uploads\/2020\/09\/HCE_INST_registernow_2020_1080x1080.jpg","datePublished":"2020-11-26T07:04:00+00:00","dateModified":"2021-06-04T14:50:34+00:00","breadcrumb":{"@id":"https:\/\/indr.lu\/fr\/event\/human-capital-europe-26-11-2020\/#breadcrumb"},"inLanguage":"en-US","potentialAction":[{"@type":"ReadAction","target":["https:\/\/indr.lu\/fr\/event\/human-capital-europe-26-11-2020\/"]}]},{"@type":"ImageObject","inLanguage":"en-US","@id":"https:\/\/indr.lu\/fr\/event\/human-capital-europe-26-11-2020\/#primaryimage","url":"https:\/\/indr.lu\/wp-content\/uploads\/2020\/09\/HCE_INST_registernow_2020_1080x1080.jpg","contentUrl":"https:\/\/indr.lu\/wp-content\/uploads\/2020\/09\/HCE_INST_registernow_2020_1080x1080.jpg","width":1045,"height":365},{"@type":"BreadcrumbList","@id":"https:\/\/indr.lu\/fr\/event\/human-capital-europe-26-11-2020\/#breadcrumb","itemListElement":[{"@type":"ListItem","position":1,"name":"Home","item":"https:\/\/indr.lu\/fr\/"},{"@type":"ListItem","position":2,"name":"Human Capital Europe 26.11.2020"}]},{"@type":"WebSite","@id":"https:\/\/indr.lu\/fr\/#website","url":"https:\/\/indr.lu\/fr\/","name":"INDR","description":"Institut National pour le Développement durable et la Responsabilité sociale des entreprises","publisher":{"@id":"https:\/\/indr.lu\/fr\/#organization"},"potentialAction":[{"@type":"SearchAction","target":{"@type":"EntryPoint","urlTemplate":"https:\/\/indr.lu\/fr\/?s={search_term_string}"},"query-input":{"@type":"PropertyValueSpecification","valueRequired":true,"valueName":"search_term_string"}}],"inLanguage":"en-US"},{"@type":"Organization","@id":"https:\/\/indr.lu\/fr\/#organization","name":"INDR","alternateName":"L’Institut National pour le Développement durable et la Responsabilité sociale des entreprises","url":"https:\/\/indr.lu\/fr\/","logo":{"@type":"ImageObject","inLanguage":"en-US","@id":"https:\/\/indr.lu\/fr\/#\/schema\/logo\/image\/","url":"https:\/\/indr.lu\/wp-content\/uploads\/2021\/04\/indr-logo.svg","contentUrl":"https:\/\/indr.lu\/wp-content\/uploads\/2021\/04\/indr-logo.svg","width":"1024","height":"1024","caption":"INDR"},"image":{"@id":"https:\/\/indr.lu\/fr\/#\/schema\/logo\/image\/"},"sameAs":["https:\/\/www.facebook.com\/INDR.lu","https:\/\/www.linkedin.com\/company\/indr---institut-national-pour-le-d-veloppement-durable-et-la-responsabilit-des-entreprises\/"]}]}</script>
<!-- / Yoast SEO plugin. -->

La deuxième édition du Human Capital Europe, se déroulera le 26 novembre prochain, au European Convention Center Luxembourg (ECCL).

Institut National pour le Développement durable et la Responsabilité sociale des entreprises

L’Institut National pour le Développement durable et la Responsabilité sociale des entreprises
