{"version":"1.0","provider_name":"INDR","provider_url":"https:\/\/indr.lu\/fr\/","title":"Forum de la s\u00e9curit\u00e9 et sant\u00e9 au travail 2019 - INDR","type":"rich","width":600,"height":338,"html":"<blockquote class=\"wp-embedded-content\" data-secret=\"rr0zk4Bxlf\"><a href=\"https:\/\/indr.lu\/fr\/event\/forum-de-la-securite-et-sante-au-travai\/\">Forum de la s\u00e9curit\u00e9 et sant\u00e9 au travail 2019<\/a><\/blockquote><iframe sandbox=\"allow-scripts\" security=\"restricted\" src=\"https:\/\/indr.lu\/fr\/event\/forum-de-la-securite-et-sante-au-travai\/embed\/#?secret=rr0zk4Bxlf\" width=\"600\" height=\"338\" title=\"\u00ab\u00a0Forum de la s\u00e9curit\u00e9 et sant\u00e9 au travail 2019\u00a0\u00bb &#8212; INDR\" data-secret=\"rr0zk4Bxlf\" frameborder=\"0\" marginwidth=\"0\" marginheight=\"0\" scrolling=\"no\" class=\"wp-embedded-content\"><\/iframe><script type=\"text\/javascript\">\n\/* <![CDATA[ *\/\n\/*! This file is auto-generated *\/\n!function(d,l){\"use strict\";l.querySelector&&d.addEventListener&&\"undefined\"!=typeof URL&&(d.wp=d.wp||{},d.wp.receiveEmbedMessage||(d.wp.receiveEmbedMessage=function(e){var t=e.data;if((t||t.secret||t.message||t.value)&&!\/[^a-zA-Z0-9]\/.test(t.secret)){for(var s,r,n,a=l.querySelectorAll('iframe[data-secret=\"'+t.secret+'\"]'),o=l.querySelectorAll('blockquote[data-secret=\"'+t.secret+'\"]'),c=new RegExp(\"^https?:$\",\"i\"),i=0;i<o.length;i++)o[i].style.display=\"none\";for(i=0;i<a.length;i++)s=a[i],e.source===s.contentWindow&&(s.removeAttribute(\"style\"),\"height\"===t.message?(1e3<(r=parseInt(t.value,10))?r=1e3:~~r<200&&(r=200),s.height=r):\"link\"===t.message&&(r=new URL(s.getAttribute(\"src\")),n=new URL(t.value),c.test(n.protocol))&&n.host===r.host&&l.activeElement===s&&(d.top.location.href=t.value))}},d.addEventListener(\"message\",d.wp.receiveEmbedMessage,!1),l.addEventListener(\"DOMContentLoaded\",function(){for(var e,t,s=l.querySelectorAll(\"iframe.wp-embedded-content\"),r=0;r<s.length;r++)(t=(e=s[r]).getAttribute(\"data-secret\"))||(t=Math.random().toString(36).substring(2,12),e.src+=\"#?secret=\"+t,e.setAttribute(\"data-secret\",t)),e.contentWindow.postMessage({message:\"ready\",secret:t},\"*\")},!1)))}(window,document);\n\/\/# sourceURL=https:\/\/indr.lu\/wp-includes\/js\/wp-embed.min.js\n\/* ]]> *\/\n<\/script>\n","thumbnail_url":"https:\/\/indr.lu\/wp-content\/uploads\/2020\/09\/003.jpg","thumbnail_width":400,"thumbnail_height":400,"description":"Organis\u00e9 dans le cadre de la\u00a0VISION ZERO\u00a0et \u00e0 l\u2019occasion de la Journ\u00e9e mondiale de la s\u00e9curit\u00e9 et de la sant\u00e9 au travail, le Forum se tiendra en 2019 sous la forme d\u2019une conf\u00e9rence."}

Forum de la sécurité et santé au travail 2019 - INDR

<blockquote class="wp-embedded-content" data-secret="rr0zk4Bxlf"><a href="https://indr.lu/fr/event/forum-de-la-securite-et-sante-au-travai/">Forum de la sécurité et santé au travail 2019</a></blockquote><iframe sandbox="allow-scripts" security="restricted" src="https://indr.lu/fr/event/forum-de-la-securite-et-sante-au-travai/embed/#?secret=rr0zk4Bxlf" width="600" height="338" title="« Forum de la sécurité et santé au travail 2019 » &#8212; INDR" data-secret="rr0zk4Bxlf" frameborder="0" marginwidth="0" marginheight="0" scrolling="no" class="wp-embedded-content"></iframe><script type="text/javascript">
/* <![CDATA[ */
/*! This file is auto-generated */
!function(d,l){"use strict";l.querySelector&&d.addEventListener&&"undefined"!=typeof URL&&(d.wp=d.wp||{},d.wp.receiveEmbedMessage||(d.wp.receiveEmbedMessage=function(e){var t=e.data;if((t||t.secret||t.message||t.value)&&!/[^a-zA-Z0-9]/.test(t.secret)){for(var s,r,n,a=l.querySelectorAll('iframe[data-secret="'+t.secret+'"]'),o=l.querySelectorAll('blockquote[data-secret="'+t.secret+'"]'),c=new RegExp("^https?:$","i"),i=0;i<o.length;i++)o[i].style.display="none";for(i=0;i<a.length;i++)s=a[i],e.source===s.contentWindow&&(s.removeAttribute("style"),"height"===t.message?(1e3<(r=parseInt(t.value,10))?r=1e3:~~r<200&&(r=200),s.height=r):"link"===t.message&&(r=new URL(s.getAttribute("src")),n=new URL(t.value),c.test(n.protocol))&&n.host===r.host&&l.activeElement===s&&(d.top.location.href=t.value))}},d.addEventListener("message",d.wp.receiveEmbedMessage,!1),l.addEventListener("DOMContentLoaded",function(){for(var e,t,s=l.querySelectorAll("iframe.wp-embedded-content"),r=0;r<s.length;r++)(t=(e=s[r]).getAttribute("data-secret"))||(t=Math.random().toString(36).substring(2,12),e.src+="#?secret="+t,e.setAttribute("data-secret",t)),e.contentWindow.postMessage({message:"ready",secret:t},"*")},!1)))}(window,document);
//# sourceURL=https://indr.lu/wp-includes/js/wp-embed.min.js
/* ]]> */
</script>

Organisé dans le cadre de la VISION ZERO et à l’occasion de la Journée mondiale de la sécurité et de la santé au travail, le Forum se tiendra en 2019 sous la forme d’une conférence.
