{"id":9724,"date":"2021-04-09T21:38:53","date_gmt":"2021-04-09T21:38:53","guid":{"rendered":"https:\/\/indr.cuco.dev\/fr\/?post_type=initiatives_esr&#038;p=9724"},"modified":"2021-06-09T12:25:30","modified_gmt":"2021-06-09T12:25:30","slug":"cosp-hr","status":"publish","type":"initiatives_esr","link":"https:\/\/indr.lu\/fr\/initiatives_esr\/cosp-hr\/","title":{"rendered":"COSP-HR"},"content":{"rendered":"<p>L\u2019initiative\u00a0<strong>COSP-HR<\/strong>\u00a0a pour objectif de faciliter\u00a0<strong>l\u2019insertion professionnelle de personnes en situation de handicap ou de reclassement<\/strong>. L\u2019INDR, partenaire de cette initiative, a le plaisir de vous proposer en exclusivit\u00e9\u00a0<a href=\"http:\/\/indr.us8.list-manage2.com\/track\/click?u=c26eebc433757d98fdf42bbd0&amp;id=3e90af2beb&amp;e=1d4d468fb1\" target=\"_blank\" rel=\"noopener\"><strong>liste des profils anonymes disponibles<\/strong><\/a>\u00a0issus de ce projet COSP-HR qui ont \u00e9t\u00e9 \u00e9valu\u00e9s rigoureusement sur leur aptitude au travail tout en tenant compte de leur situation de sant\u00e9 ou de leur handicap physique, psychique ou mental.<br \/>\nSi vous souhaitez accueillir une de ces personnes dans le cadre de votre politique de diversit\u00e9, veuillez contacter\u00a0<strong>Jil Voss<\/strong>\u00a0ou\u00a0<strong>Sophie Gr\u00e9zault<\/strong>\u00a0(<a href=\"mailto:employeur-ehr@adem.etat.lu\">employeur-ehr@adem.etat.lu<\/a>) de l\u2019<strong>ADEM<\/strong>\u00a0qui vous transmettront le\u00a0<a href=\"http:\/\/indr.us8.list-manage1.com\/track\/click?u=c26eebc433757d98fdf42bbd0&amp;id=8a151ea6bf&amp;e=1d4d468fb1\" target=\"_blank\" rel=\"noopener\"><strong>profil de comp\u00e9tences<\/strong><\/a>\u00a0complet de chaque candidat pour lequel vous souhaiteriez obtenir plus de d\u00e9tails.<\/p>\n<p><em>La pr\u00e9sente initiative figure parmi les meilleures pratiques promues dans le Guide ESR, qui oriente les entreprises en mati\u00e8re de responsabilit\u00e9 sociale (RSE\/CSR) et m\u00e8ne au label ESR.<\/em><\/p>\n","protected":false},"featured_media":0,"template":"","initiatives_esr_categories":[],"class_list":["post-9724","initiatives_esr","type-initiatives_esr","status-publish"],"acf":[],"yoast_head":"<!-- This site is optimized with the Yoast SEO plugin v27.5 - https:\/\/yoast.com\/product\/yoast-seo-wordpress\/ -->\n<title>COSP-HR - INDR<\/title>\n<meta name=\"robots\" content=\"index, follow, max-snippet:-1, max-image-preview:large, max-video-preview:-1\" \/>\n<link rel=\"canonical\" href=\"https:\/\/indr.lu\/fr\/initiatives_esr\/cosp-hr\/\" \/>\n<meta property=\"og:locale\" content=\"fr_FR\" \/>\n<meta property=\"og:type\" content=\"article\" \/>\n<meta property=\"og:title\" content=\"COSP-HR - INDR\" \/>\n<meta property=\"og:description\" content=\"L\u2019initiative\u00a0COSP-HR\u00a0a pour objectif de faciliter\u00a0l\u2019insertion professionnelle de personnes en situation de handicap ou de reclassement. L\u2019INDR, partenaire de cette initiative, a le plaisir de vous proposer en exclusivit\u00e9\u00a0liste des profils...\" \/>\n<meta property=\"og:url\" content=\"https:\/\/indr.lu\/fr\/initiatives_esr\/cosp-hr\/\" \/>\n<meta property=\"og:site_name\" content=\"INDR\" \/>\n<meta property=\"article:publisher\" content=\"https:\/\/www.facebook.com\/INDR.lu\" \/>\n<meta property=\"article:modified_time\" content=\"2021-06-09T12:25:30+00:00\" \/>\n<meta name=\"twitter:card\" content=\"summary_large_image\" \/>\n<meta name=\"twitter:label1\" content=\"Dur\u00e9e de lecture estim\u00e9e\" \/>\n\t<meta name=\"twitter:data1\" content=\"1 minute\" \/>\n<script type=\"application\/ld+json\" class=\"yoast-schema-graph\">{\"@context\":\"https:\\\/\\\/schema.org\",\"@graph\":[{\"@type\":\"WebPage\",\"@id\":\"https:\\\/\\\/indr.lu\\\/fr\\\/initiatives_esr\\\/cosp-hr\\\/\",\"url\":\"https:\\\/\\\/indr.lu\\\/fr\\\/initiatives_esr\\\/cosp-hr\\\/\",\"name\":\"COSP-HR - INDR\",\"isPartOf\":{\"@id\":\"https:\\\/\\\/indr.lu\\\/fr\\\/#website\"},\"datePublished\":\"2021-04-09T21:38:53+00:00\",\"dateModified\":\"2021-06-09T12:25:30+00:00\",\"breadcrumb\":{\"@id\":\"https:\\\/\\\/indr.lu\\\/fr\\\/initiatives_esr\\\/cosp-hr\\\/#breadcrumb\"},\"inLanguage\":\"fr-FR\",\"potentialAction\":[{\"@type\":\"ReadAction\",\"target\":[\"https:\\\/\\\/indr.lu\\\/fr\\\/initiatives_esr\\\/cosp-hr\\\/\"]}]},{\"@type\":\"BreadcrumbList\",\"@id\":\"https:\\\/\\\/indr.lu\\\/fr\\\/initiatives_esr\\\/cosp-hr\\\/#breadcrumb\",\"itemListElement\":[{\"@type\":\"ListItem\",\"position\":1,\"name\":\"Home\",\"item\":\"https:\\\/\\\/indr.lu\\\/fr\\\/\"},{\"@type\":\"ListItem\",\"position\":2,\"name\":\"COSP-HR\"}]},{\"@type\":\"WebSite\",\"@id\":\"https:\\\/\\\/indr.lu\\\/fr\\\/#website\",\"url\":\"https:\\\/\\\/indr.lu\\\/fr\\\/\",\"name\":\"INDR\",\"description\":\"Institut national pour le d\u00e9veloppement durable et la RSE\",\"publisher\":{\"@id\":\"https:\\\/\\\/indr.lu\\\/fr\\\/#organization\"},\"potentialAction\":[{\"@type\":\"SearchAction\",\"target\":{\"@type\":\"EntryPoint\",\"urlTemplate\":\"https:\\\/\\\/indr.lu\\\/fr\\\/?s={search_term_string}\"},\"query-input\":{\"@type\":\"PropertyValueSpecification\",\"valueRequired\":true,\"valueName\":\"search_term_string\"}}],\"inLanguage\":\"fr-FR\"},{\"@type\":\"Organization\",\"@id\":\"https:\\\/\\\/indr.lu\\\/fr\\\/#organization\",\"name\":\"INDR\",\"alternateName\":\"L\u2019Institut National pour le D\u00e9veloppement durable et la Responsabilit\u00e9 sociale des entreprises\",\"url\":\"https:\\\/\\\/indr.lu\\\/fr\\\/\",\"logo\":{\"@type\":\"ImageObject\",\"inLanguage\":\"fr-FR\",\"@id\":\"https:\\\/\\\/indr.lu\\\/fr\\\/#\\\/schema\\\/logo\\\/image\\\/\",\"url\":\"https:\\\/\\\/indr.lu\\\/wp-content\\\/uploads\\\/2021\\\/04\\\/indr-logo.svg\",\"contentUrl\":\"https:\\\/\\\/indr.lu\\\/wp-content\\\/uploads\\\/2021\\\/04\\\/indr-logo.svg\",\"width\":\"1024\",\"height\":\"1024\",\"caption\":\"INDR\"},\"image\":{\"@id\":\"https:\\\/\\\/indr.lu\\\/fr\\\/#\\\/schema\\\/logo\\\/image\\\/\"},\"sameAs\":[\"https:\\\/\\\/www.facebook.com\\\/INDR.lu\",\"https:\\\/\\\/www.linkedin.com\\\/company\\\/indr---institut-national-pour-le-d-veloppement-durable-et-la-responsabilit-des-entreprises\\\/\"]}]}<\/script>\n<!-- \/ Yoast SEO plugin. -->","yoast_head_json":{"title":"COSP-HR - INDR","robots":{"index":"index","follow":"follow","max-snippet":"max-snippet:-1","max-image-preview":"max-image-preview:large","max-video-preview":"max-video-preview:-1"},"canonical":"https:\/\/indr.lu\/fr\/initiatives_esr\/cosp-hr\/","og_locale":"fr_FR","og_type":"article","og_title":"COSP-HR - INDR","og_description":"L\u2019initiative\u00a0COSP-HR\u00a0a pour objectif de faciliter\u00a0l\u2019insertion professionnelle de personnes en situation de handicap ou de reclassement. L\u2019INDR, partenaire de cette initiative, a le plaisir de vous proposer en exclusivit\u00e9\u00a0liste des profils...","og_url":"https:\/\/indr.lu\/fr\/initiatives_esr\/cosp-hr\/","og_site_name":"INDR","article_publisher":"https:\/\/www.facebook.com\/INDR.lu","article_modified_time":"2021-06-09T12:25:30+00:00","twitter_card":"summary_large_image","twitter_misc":{"Dur\u00e9e de lecture estim\u00e9e":"1 minute"},"schema":{"@context":"https:\/\/schema.org","@graph":[{"@type":"WebPage","@id":"https:\/\/indr.lu\/fr\/initiatives_esr\/cosp-hr\/","url":"https:\/\/indr.lu\/fr\/initiatives_esr\/cosp-hr\/","name":"COSP-HR - INDR","isPartOf":{"@id":"https:\/\/indr.lu\/fr\/#website"},"datePublished":"2021-04-09T21:38:53+00:00","dateModified":"2021-06-09T12:25:30+00:00","breadcrumb":{"@id":"https:\/\/indr.lu\/fr\/initiatives_esr\/cosp-hr\/#breadcrumb"},"inLanguage":"fr-FR","potentialAction":[{"@type":"ReadAction","target":["https:\/\/indr.lu\/fr\/initiatives_esr\/cosp-hr\/"]}]},{"@type":"BreadcrumbList","@id":"https:\/\/indr.lu\/fr\/initiatives_esr\/cosp-hr\/#breadcrumb","itemListElement":[{"@type":"ListItem","position":1,"name":"Home","item":"https:\/\/indr.lu\/fr\/"},{"@type":"ListItem","position":2,"name":"COSP-HR"}]},{"@type":"WebSite","@id":"https:\/\/indr.lu\/fr\/#website","url":"https:\/\/indr.lu\/fr\/","name":"INDR","description":"Institut national pour le d\u00e9veloppement durable et la RSE","publisher":{"@id":"https:\/\/indr.lu\/fr\/#organization"},"potentialAction":[{"@type":"SearchAction","target":{"@type":"EntryPoint","urlTemplate":"https:\/\/indr.lu\/fr\/?s={search_term_string}"},"query-input":{"@type":"PropertyValueSpecification","valueRequired":true,"valueName":"search_term_string"}}],"inLanguage":"fr-FR"},{"@type":"Organization","@id":"https:\/\/indr.lu\/fr\/#organization","name":"INDR","alternateName":"L\u2019Institut National pour le D\u00e9veloppement durable et la Responsabilit\u00e9 sociale des entreprises","url":"https:\/\/indr.lu\/fr\/","logo":{"@type":"ImageObject","inLanguage":"fr-FR","@id":"https:\/\/indr.lu\/fr\/#\/schema\/logo\/image\/","url":"https:\/\/indr.lu\/wp-content\/uploads\/2021\/04\/indr-logo.svg","contentUrl":"https:\/\/indr.lu\/wp-content\/uploads\/2021\/04\/indr-logo.svg","width":"1024","height":"1024","caption":"INDR"},"image":{"@id":"https:\/\/indr.lu\/fr\/#\/schema\/logo\/image\/"},"sameAs":["https:\/\/www.facebook.com\/INDR.lu","https:\/\/www.linkedin.com\/company\/indr---institut-national-pour-le-d-veloppement-durable-et-la-responsabilit-des-entreprises\/"]}]}},"_links":{"self":[{"href":"https:\/\/indr.lu\/fr\/wp-json\/wp\/v2\/initiatives_esr\/9724","targetHints":{"allow":["GET"]}}],"collection":[{"href":"https:\/\/indr.lu\/fr\/wp-json\/wp\/v2\/initiatives_esr"}],"about":[{"href":"https:\/\/indr.lu\/fr\/wp-json\/wp\/v2\/types\/initiatives_esr"}],"version-history":[{"count":2,"href":"https:\/\/indr.lu\/fr\/wp-json\/wp\/v2\/initiatives_esr\/9724\/revisions"}],"predecessor-version":[{"id":11963,"href":"https:\/\/indr.lu\/fr\/wp-json\/wp\/v2\/initiatives_esr\/9724\/revisions\/11963"}],"wp:attachment":[{"href":"https:\/\/indr.lu\/fr\/wp-json\/wp\/v2\/media?parent=9724"}],"wp:term":[{"taxonomy":"initiatives_esr_categories","embeddable":true,"href":"https:\/\/indr.lu\/fr\/wp-json\/wp\/v2\/initiatives_esr_categories?post=9724"}],"curies":[{"name":"wp","href":"https:\/\/api.w.org\/{rel}","templated":true}]}}

<p>L’initiative <strong>COSP-HR</strong> a pour objectif de faciliter <strong>l’insertion professionnelle de personnes en situation de handicap ou de reclassement</strong>. L’INDR, partenaire de cette initiative, a le plaisir de vous proposer en exclusivité <a href="http://indr.us8.list-manage2.com/track/click?u=c26eebc433757d98fdf42bbd0&amp;id=3e90af2beb&amp;e=1d4d468fb1" target="_blank" rel="noopener"><strong>liste des profils anonymes disponibles</strong></a> issus de ce projet COSP-HR qui ont été évalués rigoureusement sur leur aptitude au travail tout en tenant compte de leur situation de santé ou de leur handicap physique, psychique ou mental.<br />
Si vous souhaitez accueillir une de ces personnes dans le cadre de votre politique de diversité, veuillez contacter <strong>Jil Voss</strong> ou <strong>Sophie Grézault</strong> (<a href="mailto:employeur-ehr@adem.etat.lu">employeur-ehr@adem.etat.lu</a>) de l’<strong>ADEM</strong> qui vous transmettront le <a href="http://indr.us8.list-manage1.com/track/click?u=c26eebc433757d98fdf42bbd0&amp;id=8a151ea6bf&amp;e=1d4d468fb1" target="_blank" rel="noopener"><strong>profil de compétences</strong></a> complet de chaque candidat pour lequel vous souhaiteriez obtenir plus de détails.</p>
<p><em>La présente initiative figure parmi les meilleures pratiques promues dans le Guide ESR, qui oriente les entreprises en matière de responsabilité sociale (RSE/CSR) et mène au label ESR.</em></p>

<!-- This site is optimized with the Yoast SEO plugin v27.5 - https://yoast.com/product/yoast-seo-wordpress/ -->
<title>COSP-HR - INDR</title>
<meta name="robots" content="index, follow, max-snippet:-1, max-image-preview:large, max-video-preview:-1" />
<link rel="canonical" href="https://indr.lu/fr/initiatives_esr/cosp-hr/" />
<meta property="og:locale" content="fr_FR" />
<meta property="og:type" content="article" />
<meta property="og:title" content="COSP-HR - INDR" />
<meta property="og:description" content="L’initiative COSP-HR a pour objectif de faciliter l’insertion professionnelle de personnes en situation de handicap ou de reclassement. L’INDR, partenaire de cette initiative, a le plaisir de vous proposer en exclusivité liste des profils..." />
<meta property="og:url" content="https://indr.lu/fr/initiatives_esr/cosp-hr/" />
<meta property="og:site_name" content="INDR" />
<meta property="article:publisher" content="https://www.facebook.com/INDR.lu" />
<meta property="article:modified_time" content="2021-06-09T12:25:30+00:00" />
<meta name="twitter:card" content="summary_large_image" />
<meta name="twitter:label1" content="Durée de lecture estimée" />
	<meta name="twitter:data1" content="1 minute" />
<script type="application/ld+json" class="yoast-schema-graph">{"@context":"https:\/\/schema.org","@graph":[{"@type":"WebPage","@id":"https:\/\/indr.lu\/fr\/initiatives_esr\/cosp-hr\/","url":"https:\/\/indr.lu\/fr\/initiatives_esr\/cosp-hr\/","name":"COSP-HR - INDR","isPartOf":{"@id":"https:\/\/indr.lu\/fr\/#website"},"datePublished":"2021-04-09T21:38:53+00:00","dateModified":"2021-06-09T12:25:30+00:00","breadcrumb":{"@id":"https:\/\/indr.lu\/fr\/initiatives_esr\/cosp-hr\/#breadcrumb"},"inLanguage":"fr-FR","potentialAction":[{"@type":"ReadAction","target":["https:\/\/indr.lu\/fr\/initiatives_esr\/cosp-hr\/"]}]},{"@type":"BreadcrumbList","@id":"https:\/\/indr.lu\/fr\/initiatives_esr\/cosp-hr\/#breadcrumb","itemListElement":[{"@type":"ListItem","position":1,"name":"Home","item":"https:\/\/indr.lu\/fr\/"},{"@type":"ListItem","position":2,"name":"COSP-HR"}]},{"@type":"WebSite","@id":"https:\/\/indr.lu\/fr\/#website","url":"https:\/\/indr.lu\/fr\/","name":"INDR","description":"Institut national pour le développement durable et la RSE","publisher":{"@id":"https:\/\/indr.lu\/fr\/#organization"},"potentialAction":[{"@type":"SearchAction","target":{"@type":"EntryPoint","urlTemplate":"https:\/\/indr.lu\/fr\/?s={search_term_string}"},"query-input":{"@type":"PropertyValueSpecification","valueRequired":true,"valueName":"search_term_string"}}],"inLanguage":"fr-FR"},{"@type":"Organization","@id":"https:\/\/indr.lu\/fr\/#organization","name":"INDR","alternateName":"L’Institut National pour le Développement durable et la Responsabilité sociale des entreprises","url":"https:\/\/indr.lu\/fr\/","logo":{"@type":"ImageObject","inLanguage":"fr-FR","@id":"https:\/\/indr.lu\/fr\/#\/schema\/logo\/image\/","url":"https:\/\/indr.lu\/wp-content\/uploads\/2021\/04\/indr-logo.svg","contentUrl":"https:\/\/indr.lu\/wp-content\/uploads\/2021\/04\/indr-logo.svg","width":"1024","height":"1024","caption":"INDR"},"image":{"@id":"https:\/\/indr.lu\/fr\/#\/schema\/logo\/image\/"},"sameAs":["https:\/\/www.facebook.com\/INDR.lu","https:\/\/www.linkedin.com\/company\/indr---institut-national-pour-le-d-veloppement-durable-et-la-responsabilit-des-entreprises\/"]}]}</script>
<!-- / Yoast SEO plugin. -->

L’initiative COSP-HR a pour objectif de faciliter l’insertion professionnelle de personnes en situation de handicap ou de reclassement. L’INDR, partenaire de cette initiative, a le plaisir de vous proposer en exclusivité liste des profils...

Institut national pour le développement durable et la RSE

L’Institut National pour le Développement durable et la Responsabilité sociale des entreprises
