{"id":9733,"date":"2021-04-09T21:43:18","date_gmt":"2021-04-09T21:43:18","guid":{"rendered":"https:\/\/indr.cuco.dev\/fr\/?post_type=initiatives_esr&#038;p=9733"},"modified":"2021-06-09T12:24:40","modified_gmt":"2021-06-09T12:24:40","slug":"nouvelle-plateforme-flecken-a-leinen","status":"publish","type":"initiatives_esr","link":"https:\/\/indr.lu\/fr\/initiatives_esr\/nouvelle-plateforme-flecken-a-leinen\/","title":{"rendered":"Nouvelle plateforme \u201cFl\u00e9cken a L\u00e9inen\u201d"},"content":{"rendered":"<p>La nouvelle plateforme \u00ab\u00a0<strong>Fl\u00e9cken a L\u00e9inen<\/strong>\u00a0\u00bb promeut une gestion responsable de mati\u00e8res premi\u00e8res et d\u2018\u00e9nergie par l\u2018utilisation commune ou prolong\u00e9e de produits ou de biens. Le nouveau service offre aux utilisateurs et fournisseurs de se rencontrer autour de deux volets : \u00ab<strong>Fl\u00e9cken<\/strong>\u00bb (\u00abR\u00e9paration\u00bb) et \u00ab<strong>L\u00e9inen<\/strong>\u00bb (\u00abPr\u00eat\u00bb).<\/p>\n<p>Les entreprises locales et engag\u00e9es pour une consommation durable sont d\u00e8s lors invit\u00e9es \u00e0 enregistrer gratuitement leurs prestations propos\u00e9es sur\u00a0<a href=\"https:\/\/indr.us8.list-manage.com\/track\/click?u=c26eebc433757d98fdf42bbd0&amp;id=b57e0ea8c6&amp;e=aefc317e24\" target=\"_blank\" rel=\"noopener\">www.flecken-a-leinen.lu<\/a><\/p>\n<p><em>La pr\u00e9sente initiative figure parmi les meilleures pratiques promues dans le Guide ESR, qui oriente les entreprises en mati\u00e8re de responsabilit\u00e9 sociale (RSE\/CSR) et m\u00e8ne au label ESR.<\/em><\/p>\n","protected":false},"featured_media":9222,"template":"","initiatives_esr_categories":[94],"class_list":{"0":"post-9733","1":"initiatives_esr","2":"type-initiatives_esr","3":"status-publish","4":"has-post-thumbnail","6":"initiatives_esr_categories-environnement"},"acf":[],"yoast_head":"<!-- This site is optimized with the Yoast SEO plugin v27.5 - https:\/\/yoast.com\/product\/yoast-seo-wordpress\/ -->\n<title>Nouvelle plateforme \u201cFl\u00e9cken a L\u00e9inen\u201d - INDR<\/title>\n<meta name=\"robots\" content=\"index, follow, max-snippet:-1, max-image-preview:large, max-video-preview:-1\" \/>\n<link rel=\"canonical\" href=\"https:\/\/indr.lu\/fr\/initiatives_esr\/nouvelle-plateforme-flecken-a-leinen\/\" \/>\n<meta property=\"og:locale\" content=\"fr_FR\" \/>\n<meta property=\"og:type\" content=\"article\" \/>\n<meta property=\"og:title\" content=\"Nouvelle plateforme \u201cFl\u00e9cken a L\u00e9inen\u201d - INDR\" \/>\n<meta property=\"og:description\" content=\"La nouvelle plateforme \u00ab\u00a0Fl\u00e9cken a L\u00e9inen\u00a0\u00bb promeut une gestion responsable de mati\u00e8res premi\u00e8res et d\u2018\u00e9nergie par l\u2018utilisation commune ou prolong\u00e9e de produits ou de biens. Le nouveau service offre aux...\" \/>\n<meta property=\"og:url\" content=\"https:\/\/indr.lu\/fr\/initiatives_esr\/nouvelle-plateforme-flecken-a-leinen\/\" \/>\n<meta property=\"og:site_name\" content=\"INDR\" \/>\n<meta property=\"article:publisher\" content=\"https:\/\/www.facebook.com\/INDR.lu\" \/>\n<meta property=\"article:modified_time\" content=\"2021-06-09T12:24:40+00:00\" \/>\n<meta property=\"og:image\" content=\"https:\/\/indr.lu\/wp-content\/uploads\/2020\/10\/flecken-leinen.png\" \/>\n\t<meta property=\"og:image:width\" content=\"493\" \/>\n\t<meta property=\"og:image:height\" content=\"287\" \/>\n\t<meta property=\"og:image:type\" content=\"image\/png\" \/>\n<meta name=\"twitter:card\" content=\"summary_large_image\" \/>\n<meta name=\"twitter:label1\" content=\"Dur\u00e9e de lecture estim\u00e9e\" \/>\n\t<meta name=\"twitter:data1\" content=\"1 minute\" \/>\n<script type=\"application\/ld+json\" class=\"yoast-schema-graph\">{\"@context\":\"https:\\\/\\\/schema.org\",\"@graph\":[{\"@type\":\"WebPage\",\"@id\":\"https:\\\/\\\/indr.lu\\\/fr\\\/initiatives_esr\\\/nouvelle-plateforme-flecken-a-leinen\\\/\",\"url\":\"https:\\\/\\\/indr.lu\\\/fr\\\/initiatives_esr\\\/nouvelle-plateforme-flecken-a-leinen\\\/\",\"name\":\"Nouvelle plateforme \u201cFl\u00e9cken a L\u00e9inen\u201d - INDR\",\"isPartOf\":{\"@id\":\"https:\\\/\\\/indr.lu\\\/fr\\\/#website\"},\"primaryImageOfPage\":{\"@id\":\"https:\\\/\\\/indr.lu\\\/fr\\\/initiatives_esr\\\/nouvelle-plateforme-flecken-a-leinen\\\/#primaryimage\"},\"image\":{\"@id\":\"https:\\\/\\\/indr.lu\\\/fr\\\/initiatives_esr\\\/nouvelle-plateforme-flecken-a-leinen\\\/#primaryimage\"},\"thumbnailUrl\":\"https:\\\/\\\/indr.lu\\\/wp-content\\\/uploads\\\/2020\\\/10\\\/flecken-leinen.png\",\"datePublished\":\"2021-04-09T21:43:18+00:00\",\"dateModified\":\"2021-06-09T12:24:40+00:00\",\"breadcrumb\":{\"@id\":\"https:\\\/\\\/indr.lu\\\/fr\\\/initiatives_esr\\\/nouvelle-plateforme-flecken-a-leinen\\\/#breadcrumb\"},\"inLanguage\":\"fr-FR\",\"potentialAction\":[{\"@type\":\"ReadAction\",\"target\":[\"https:\\\/\\\/indr.lu\\\/fr\\\/initiatives_esr\\\/nouvelle-plateforme-flecken-a-leinen\\\/\"]}]},{\"@type\":\"ImageObject\",\"inLanguage\":\"fr-FR\",\"@id\":\"https:\\\/\\\/indr.lu\\\/fr\\\/initiatives_esr\\\/nouvelle-plateforme-flecken-a-leinen\\\/#primaryimage\",\"url\":\"https:\\\/\\\/indr.lu\\\/wp-content\\\/uploads\\\/2020\\\/10\\\/flecken-leinen.png\",\"contentUrl\":\"https:\\\/\\\/indr.lu\\\/wp-content\\\/uploads\\\/2020\\\/10\\\/flecken-leinen.png\",\"width\":493,\"height\":287},{\"@type\":\"BreadcrumbList\",\"@id\":\"https:\\\/\\\/indr.lu\\\/fr\\\/initiatives_esr\\\/nouvelle-plateforme-flecken-a-leinen\\\/#breadcrumb\",\"itemListElement\":[{\"@type\":\"ListItem\",\"position\":1,\"name\":\"Home\",\"item\":\"https:\\\/\\\/indr.lu\\\/fr\\\/\"},{\"@type\":\"ListItem\",\"position\":2,\"name\":\"Nouvelle plateforme \u201cFl\u00e9cken a L\u00e9inen\u201d\"}]},{\"@type\":\"WebSite\",\"@id\":\"https:\\\/\\\/indr.lu\\\/fr\\\/#website\",\"url\":\"https:\\\/\\\/indr.lu\\\/fr\\\/\",\"name\":\"INDR\",\"description\":\"Institut national pour le d\u00e9veloppement durable et la RSE\",\"publisher\":{\"@id\":\"https:\\\/\\\/indr.lu\\\/fr\\\/#organization\"},\"potentialAction\":[{\"@type\":\"SearchAction\",\"target\":{\"@type\":\"EntryPoint\",\"urlTemplate\":\"https:\\\/\\\/indr.lu\\\/fr\\\/?s={search_term_string}\"},\"query-input\":{\"@type\":\"PropertyValueSpecification\",\"valueRequired\":true,\"valueName\":\"search_term_string\"}}],\"inLanguage\":\"fr-FR\"},{\"@type\":\"Organization\",\"@id\":\"https:\\\/\\\/indr.lu\\\/fr\\\/#organization\",\"name\":\"INDR\",\"alternateName\":\"L\u2019Institut National pour le D\u00e9veloppement durable et la Responsabilit\u00e9 sociale des entreprises\",\"url\":\"https:\\\/\\\/indr.lu\\\/fr\\\/\",\"logo\":{\"@type\":\"ImageObject\",\"inLanguage\":\"fr-FR\",\"@id\":\"https:\\\/\\\/indr.lu\\\/fr\\\/#\\\/schema\\\/logo\\\/image\\\/\",\"url\":\"https:\\\/\\\/indr.lu\\\/wp-content\\\/uploads\\\/2021\\\/04\\\/indr-logo.svg\",\"contentUrl\":\"https:\\\/\\\/indr.lu\\\/wp-content\\\/uploads\\\/2021\\\/04\\\/indr-logo.svg\",\"width\":\"1024\",\"height\":\"1024\",\"caption\":\"INDR\"},\"image\":{\"@id\":\"https:\\\/\\\/indr.lu\\\/fr\\\/#\\\/schema\\\/logo\\\/image\\\/\"},\"sameAs\":[\"https:\\\/\\\/www.facebook.com\\\/INDR.lu\",\"https:\\\/\\\/www.linkedin.com\\\/company\\\/indr---institut-national-pour-le-d-veloppement-durable-et-la-responsabilit-des-entreprises\\\/\"]}]}<\/script>\n<!-- \/ Yoast SEO plugin. -->","yoast_head_json":{"title":"Nouvelle plateforme \u201cFl\u00e9cken a L\u00e9inen\u201d - INDR","robots":{"index":"index","follow":"follow","max-snippet":"max-snippet:-1","max-image-preview":"max-image-preview:large","max-video-preview":"max-video-preview:-1"},"canonical":"https:\/\/indr.lu\/fr\/initiatives_esr\/nouvelle-plateforme-flecken-a-leinen\/","og_locale":"fr_FR","og_type":"article","og_title":"Nouvelle plateforme \u201cFl\u00e9cken a L\u00e9inen\u201d - INDR","og_description":"La nouvelle plateforme \u00ab\u00a0Fl\u00e9cken a L\u00e9inen\u00a0\u00bb promeut une gestion responsable de mati\u00e8res premi\u00e8res et d\u2018\u00e9nergie par l\u2018utilisation commune ou prolong\u00e9e de produits ou de biens. Le nouveau service offre aux...","og_url":"https:\/\/indr.lu\/fr\/initiatives_esr\/nouvelle-plateforme-flecken-a-leinen\/","og_site_name":"INDR","article_publisher":"https:\/\/www.facebook.com\/INDR.lu","article_modified_time":"2021-06-09T12:24:40+00:00","og_image":[{"width":493,"height":287,"url":"https:\/\/indr.lu\/wp-content\/uploads\/2020\/10\/flecken-leinen.png","type":"image\/png"}],"twitter_card":"summary_large_image","twitter_misc":{"Dur\u00e9e de lecture estim\u00e9e":"1 minute"},"schema":{"@context":"https:\/\/schema.org","@graph":[{"@type":"WebPage","@id":"https:\/\/indr.lu\/fr\/initiatives_esr\/nouvelle-plateforme-flecken-a-leinen\/","url":"https:\/\/indr.lu\/fr\/initiatives_esr\/nouvelle-plateforme-flecken-a-leinen\/","name":"Nouvelle plateforme \u201cFl\u00e9cken a L\u00e9inen\u201d - INDR","isPartOf":{"@id":"https:\/\/indr.lu\/fr\/#website"},"primaryImageOfPage":{"@id":"https:\/\/indr.lu\/fr\/initiatives_esr\/nouvelle-plateforme-flecken-a-leinen\/#primaryimage"},"image":{"@id":"https:\/\/indr.lu\/fr\/initiatives_esr\/nouvelle-plateforme-flecken-a-leinen\/#primaryimage"},"thumbnailUrl":"https:\/\/indr.lu\/wp-content\/uploads\/2020\/10\/flecken-leinen.png","datePublished":"2021-04-09T21:43:18+00:00","dateModified":"2021-06-09T12:24:40+00:00","breadcrumb":{"@id":"https:\/\/indr.lu\/fr\/initiatives_esr\/nouvelle-plateforme-flecken-a-leinen\/#breadcrumb"},"inLanguage":"fr-FR","potentialAction":[{"@type":"ReadAction","target":["https:\/\/indr.lu\/fr\/initiatives_esr\/nouvelle-plateforme-flecken-a-leinen\/"]}]},{"@type":"ImageObject","inLanguage":"fr-FR","@id":"https:\/\/indr.lu\/fr\/initiatives_esr\/nouvelle-plateforme-flecken-a-leinen\/#primaryimage","url":"https:\/\/indr.lu\/wp-content\/uploads\/2020\/10\/flecken-leinen.png","contentUrl":"https:\/\/indr.lu\/wp-content\/uploads\/2020\/10\/flecken-leinen.png","width":493,"height":287},{"@type":"BreadcrumbList","@id":"https:\/\/indr.lu\/fr\/initiatives_esr\/nouvelle-plateforme-flecken-a-leinen\/#breadcrumb","itemListElement":[{"@type":"ListItem","position":1,"name":"Home","item":"https:\/\/indr.lu\/fr\/"},{"@type":"ListItem","position":2,"name":"Nouvelle plateforme \u201cFl\u00e9cken a L\u00e9inen\u201d"}]},{"@type":"WebSite","@id":"https:\/\/indr.lu\/fr\/#website","url":"https:\/\/indr.lu\/fr\/","name":"INDR","description":"Institut national pour le d\u00e9veloppement durable et la RSE","publisher":{"@id":"https:\/\/indr.lu\/fr\/#organization"},"potentialAction":[{"@type":"SearchAction","target":{"@type":"EntryPoint","urlTemplate":"https:\/\/indr.lu\/fr\/?s={search_term_string}"},"query-input":{"@type":"PropertyValueSpecification","valueRequired":true,"valueName":"search_term_string"}}],"inLanguage":"fr-FR"},{"@type":"Organization","@id":"https:\/\/indr.lu\/fr\/#organization","name":"INDR","alternateName":"L\u2019Institut National pour le D\u00e9veloppement durable et la Responsabilit\u00e9 sociale des entreprises","url":"https:\/\/indr.lu\/fr\/","logo":{"@type":"ImageObject","inLanguage":"fr-FR","@id":"https:\/\/indr.lu\/fr\/#\/schema\/logo\/image\/","url":"https:\/\/indr.lu\/wp-content\/uploads\/2021\/04\/indr-logo.svg","contentUrl":"https:\/\/indr.lu\/wp-content\/uploads\/2021\/04\/indr-logo.svg","width":"1024","height":"1024","caption":"INDR"},"image":{"@id":"https:\/\/indr.lu\/fr\/#\/schema\/logo\/image\/"},"sameAs":["https:\/\/www.facebook.com\/INDR.lu","https:\/\/www.linkedin.com\/company\/indr---institut-national-pour-le-d-veloppement-durable-et-la-responsabilit-des-entreprises\/"]}]}},"_links":{"self":[{"href":"https:\/\/indr.lu\/fr\/wp-json\/wp\/v2\/initiatives_esr\/9733","targetHints":{"allow":["GET"]}}],"collection":[{"href":"https:\/\/indr.lu\/fr\/wp-json\/wp\/v2\/initiatives_esr"}],"about":[{"href":"https:\/\/indr.lu\/fr\/wp-json\/wp\/v2\/types\/initiatives_esr"}],"version-history":[{"count":2,"href":"https:\/\/indr.lu\/fr\/wp-json\/wp\/v2\/initiatives_esr\/9733\/revisions"}],"predecessor-version":[{"id":11959,"href":"https:\/\/indr.lu\/fr\/wp-json\/wp\/v2\/initiatives_esr\/9733\/revisions\/11959"}],"wp:featuredmedia":[{"embeddable":true,"href":"https:\/\/indr.lu\/fr\/wp-json\/wp\/v2\/media\/9222"}],"wp:attachment":[{"href":"https:\/\/indr.lu\/fr\/wp-json\/wp\/v2\/media?parent=9733"}],"wp:term":[{"taxonomy":"initiatives_esr_categories","embeddable":true,"href":"https:\/\/indr.lu\/fr\/wp-json\/wp\/v2\/initiatives_esr_categories?post=9733"}],"curies":[{"name":"wp","href":"https:\/\/api.w.org\/{rel}","templated":true}]}}

Nouvelle plateforme “Flécken a Léinen”

<p>La nouvelle plateforme « <strong>Flécken a Léinen</strong> » promeut une gestion responsable de matières premières et d‘énergie par l‘utilisation commune ou prolongée de produits ou de biens. Le nouveau service offre aux utilisateurs et fournisseurs de se rencontrer autour de deux volets : «<strong>Flécken</strong>» («Réparation») et «<strong>Léinen</strong>» («Prêt»).</p>
<p>Les entreprises locales et engagées pour une consommation durable sont dès lors invitées à enregistrer gratuitement leurs prestations proposées sur <a href="https://indr.us8.list-manage.com/track/click?u=c26eebc433757d98fdf42bbd0&amp;id=b57e0ea8c6&amp;e=aefc317e24" target="_blank" rel="noopener">www.flecken-a-leinen.lu</a></p>
<p><em>La présente initiative figure parmi les meilleures pratiques promues dans le Guide ESR, qui oriente les entreprises en matière de responsabilité sociale (RSE/CSR) et mène au label ESR.</em></p>

<!-- This site is optimized with the Yoast SEO plugin v27.5 - https://yoast.com/product/yoast-seo-wordpress/ -->
<title>Nouvelle plateforme “Flécken a Léinen” - INDR</title>
<meta name="robots" content="index, follow, max-snippet:-1, max-image-preview:large, max-video-preview:-1" />
<link rel="canonical" href="https://indr.lu/fr/initiatives_esr/nouvelle-plateforme-flecken-a-leinen/" />
<meta property="og:locale" content="fr_FR" />
<meta property="og:type" content="article" />
<meta property="og:title" content="Nouvelle plateforme “Flécken a Léinen” - INDR" />
<meta property="og:description" content="La nouvelle plateforme « Flécken a Léinen » promeut une gestion responsable de matières premières et d‘énergie par l‘utilisation commune ou prolongée de produits ou de biens. Le nouveau service offre aux..." />
<meta property="og:url" content="https://indr.lu/fr/initiatives_esr/nouvelle-plateforme-flecken-a-leinen/" />
<meta property="og:site_name" content="INDR" />
<meta property="article:publisher" content="https://www.facebook.com/INDR.lu" />
<meta property="article:modified_time" content="2021-06-09T12:24:40+00:00" />
<meta property="og:image" content="https://indr.lu/wp-content/uploads/2020/10/flecken-leinen.png" />
	<meta property="og:image:width" content="493" />
	<meta property="og:image:height" content="287" />
	<meta property="og:image:type" content="image/png" />
<meta name="twitter:card" content="summary_large_image" />
<meta name="twitter:label1" content="Durée de lecture estimée" />
	<meta name="twitter:data1" content="1 minute" />
<script type="application/ld+json" class="yoast-schema-graph">{"@context":"https:\/\/schema.org","@graph":[{"@type":"WebPage","@id":"https:\/\/indr.lu\/fr\/initiatives_esr\/nouvelle-plateforme-flecken-a-leinen\/","url":"https:\/\/indr.lu\/fr\/initiatives_esr\/nouvelle-plateforme-flecken-a-leinen\/","name":"Nouvelle plateforme “Flécken a Léinen” - INDR","isPartOf":{"@id":"https:\/\/indr.lu\/fr\/#website"},"primaryImageOfPage":{"@id":"https:\/\/indr.lu\/fr\/initiatives_esr\/nouvelle-plateforme-flecken-a-leinen\/#primaryimage"},"image":{"@id":"https:\/\/indr.lu\/fr\/initiatives_esr\/nouvelle-plateforme-flecken-a-leinen\/#primaryimage"},"thumbnailUrl":"https:\/\/indr.lu\/wp-content\/uploads\/2020\/10\/flecken-leinen.png","datePublished":"2021-04-09T21:43:18+00:00","dateModified":"2021-06-09T12:24:40+00:00","breadcrumb":{"@id":"https:\/\/indr.lu\/fr\/initiatives_esr\/nouvelle-plateforme-flecken-a-leinen\/#breadcrumb"},"inLanguage":"fr-FR","potentialAction":[{"@type":"ReadAction","target":["https:\/\/indr.lu\/fr\/initiatives_esr\/nouvelle-plateforme-flecken-a-leinen\/"]}]},{"@type":"ImageObject","inLanguage":"fr-FR","@id":"https:\/\/indr.lu\/fr\/initiatives_esr\/nouvelle-plateforme-flecken-a-leinen\/#primaryimage","url":"https:\/\/indr.lu\/wp-content\/uploads\/2020\/10\/flecken-leinen.png","contentUrl":"https:\/\/indr.lu\/wp-content\/uploads\/2020\/10\/flecken-leinen.png","width":493,"height":287},{"@type":"BreadcrumbList","@id":"https:\/\/indr.lu\/fr\/initiatives_esr\/nouvelle-plateforme-flecken-a-leinen\/#breadcrumb","itemListElement":[{"@type":"ListItem","position":1,"name":"Home","item":"https:\/\/indr.lu\/fr\/"},{"@type":"ListItem","position":2,"name":"Nouvelle plateforme “Flécken a Léinen”"}]},{"@type":"WebSite","@id":"https:\/\/indr.lu\/fr\/#website","url":"https:\/\/indr.lu\/fr\/","name":"INDR","description":"Institut national pour le développement durable et la RSE","publisher":{"@id":"https:\/\/indr.lu\/fr\/#organization"},"potentialAction":[{"@type":"SearchAction","target":{"@type":"EntryPoint","urlTemplate":"https:\/\/indr.lu\/fr\/?s={search_term_string}"},"query-input":{"@type":"PropertyValueSpecification","valueRequired":true,"valueName":"search_term_string"}}],"inLanguage":"fr-FR"},{"@type":"Organization","@id":"https:\/\/indr.lu\/fr\/#organization","name":"INDR","alternateName":"L’Institut National pour le Développement durable et la Responsabilité sociale des entreprises","url":"https:\/\/indr.lu\/fr\/","logo":{"@type":"ImageObject","inLanguage":"fr-FR","@id":"https:\/\/indr.lu\/fr\/#\/schema\/logo\/image\/","url":"https:\/\/indr.lu\/wp-content\/uploads\/2021\/04\/indr-logo.svg","contentUrl":"https:\/\/indr.lu\/wp-content\/uploads\/2021\/04\/indr-logo.svg","width":"1024","height":"1024","caption":"INDR"},"image":{"@id":"https:\/\/indr.lu\/fr\/#\/schema\/logo\/image\/"},"sameAs":["https:\/\/www.facebook.com\/INDR.lu","https:\/\/www.linkedin.com\/company\/indr---institut-national-pour-le-d-veloppement-durable-et-la-responsabilit-des-entreprises\/"]}]}</script>
<!-- / Yoast SEO plugin. -->

Nouvelle plateforme “Flécken a Léinen” - INDR

La nouvelle plateforme « Flécken a Léinen » promeut une gestion responsable de matières premières et d‘énergie par l‘utilisation commune ou prolongée de produits ou de biens. Le nouveau service offre aux...

Institut national pour le développement durable et la RSE

L’Institut National pour le Développement durable et la Responsabilité sociale des entreprises
