{"id":9735,"date":"2021-04-09T21:44:36","date_gmt":"2021-04-09T21:44:36","guid":{"rendered":"https:\/\/indr.cuco.dev\/fr\/?post_type=initiatives_esr&#038;p=9735"},"modified":"2021-06-09T12:24:28","modified_gmt":"2021-06-09T12:24:28","slug":"jobboard-adem","status":"publish","type":"initiatives_esr","link":"https:\/\/indr.lu\/fr\/initiatives_esr\/jobboard-adem\/","title":{"rendered":"JOBBOARD ADEM"},"content":{"rendered":"<p>Le\u00a0<strong>JobBoard<\/strong>\u00a0est un service en ligne propos\u00e9 par l\u2019<strong>ADEM<\/strong>\u00a0aux demandeurs d\u2019emploi et aux employeurs.<br \/>\nCette plateforme interactive vise \u00e0 augmenter les chances de rencontre entre employeurs et demandeurs d\u2019emploi. Le JobBoard donne en effet au demandeur d\u2019emploi un acc\u00e8s direct aux offres d\u2019emploi d\u00e9clar\u00e9es \u00e0 l\u2019ADEM et lui permet d\u2019y d\u00e9poser son CV afin d\u2019augmenter ses chances de retour \u00e0 l\u2019emploi. Le JobBoard permet \u00e0 l\u2019employeur, d\u2019autre part, de rechercher directement parmi les profils de candidats inscrits \u00e0 l\u2019ADEM.<\/p>\n<p>La pr\u00e9sente initiative figure parmi les meilleures pratiques promues dans le Guide ESR, qui oriente les entreprises en mati\u00e8re de responsabilit\u00e9 sociale (RSE\/CSR) et m\u00e8ne au label ESR.<\/p>\n","protected":false},"featured_media":9223,"template":"","initiatives_esr_categories":[92],"class_list":{"0":"post-9735","1":"initiatives_esr","2":"type-initiatives_esr","3":"status-publish","4":"has-post-thumbnail","6":"initiatives_esr_categories-gouvernance"},"acf":[],"yoast_head":"<!-- This site is optimized with the Yoast SEO plugin v27.5 - https:\/\/yoast.com\/product\/yoast-seo-wordpress\/ -->\n<title>JOBBOARD ADEM - INDR<\/title>\n<meta name=\"robots\" content=\"index, follow, max-snippet:-1, max-image-preview:large, max-video-preview:-1\" \/>\n<link rel=\"canonical\" href=\"https:\/\/indr.lu\/fr\/initiatives_esr\/jobboard-adem\/\" \/>\n<meta property=\"og:locale\" content=\"fr_FR\" \/>\n<meta property=\"og:type\" content=\"article\" \/>\n<meta property=\"og:title\" content=\"JOBBOARD ADEM - INDR\" \/>\n<meta property=\"og:description\" content=\"Le\u00a0JobBoard\u00a0est un service en ligne propos\u00e9 par l\u2019ADEM\u00a0aux demandeurs d\u2019emploi et aux employeurs. Cette plateforme interactive vise \u00e0 augmenter les chances de rencontre entre employeurs et demandeurs d\u2019emploi. Le JobBoard...\" \/>\n<meta property=\"og:url\" content=\"https:\/\/indr.lu\/fr\/initiatives_esr\/jobboard-adem\/\" \/>\n<meta property=\"og:site_name\" content=\"INDR\" \/>\n<meta property=\"article:publisher\" content=\"https:\/\/www.facebook.com\/INDR.lu\" \/>\n<meta property=\"article:modified_time\" content=\"2021-06-09T12:24:28+00:00\" \/>\n<meta property=\"og:image\" content=\"https:\/\/indr.lu\/wp-content\/uploads\/2020\/10\/jobboard.png\" \/>\n\t<meta property=\"og:image:width\" content=\"188\" \/>\n\t<meta property=\"og:image:height\" content=\"268\" \/>\n\t<meta property=\"og:image:type\" content=\"image\/png\" \/>\n<meta name=\"twitter:card\" content=\"summary_large_image\" \/>\n<meta name=\"twitter:label1\" content=\"Dur\u00e9e de lecture estim\u00e9e\" \/>\n\t<meta name=\"twitter:data1\" content=\"1 minute\" \/>\n<script type=\"application\/ld+json\" class=\"yoast-schema-graph\">{\"@context\":\"https:\\\/\\\/schema.org\",\"@graph\":[{\"@type\":\"WebPage\",\"@id\":\"https:\\\/\\\/indr.lu\\\/fr\\\/initiatives_esr\\\/jobboard-adem\\\/\",\"url\":\"https:\\\/\\\/indr.lu\\\/fr\\\/initiatives_esr\\\/jobboard-adem\\\/\",\"name\":\"JOBBOARD ADEM - INDR\",\"isPartOf\":{\"@id\":\"https:\\\/\\\/indr.lu\\\/fr\\\/#website\"},\"primaryImageOfPage\":{\"@id\":\"https:\\\/\\\/indr.lu\\\/fr\\\/initiatives_esr\\\/jobboard-adem\\\/#primaryimage\"},\"image\":{\"@id\":\"https:\\\/\\\/indr.lu\\\/fr\\\/initiatives_esr\\\/jobboard-adem\\\/#primaryimage\"},\"thumbnailUrl\":\"https:\\\/\\\/indr.lu\\\/wp-content\\\/uploads\\\/2020\\\/10\\\/jobboard.png\",\"datePublished\":\"2021-04-09T21:44:36+00:00\",\"dateModified\":\"2021-06-09T12:24:28+00:00\",\"breadcrumb\":{\"@id\":\"https:\\\/\\\/indr.lu\\\/fr\\\/initiatives_esr\\\/jobboard-adem\\\/#breadcrumb\"},\"inLanguage\":\"fr-FR\",\"potentialAction\":[{\"@type\":\"ReadAction\",\"target\":[\"https:\\\/\\\/indr.lu\\\/fr\\\/initiatives_esr\\\/jobboard-adem\\\/\"]}]},{\"@type\":\"ImageObject\",\"inLanguage\":\"fr-FR\",\"@id\":\"https:\\\/\\\/indr.lu\\\/fr\\\/initiatives_esr\\\/jobboard-adem\\\/#primaryimage\",\"url\":\"https:\\\/\\\/indr.lu\\\/wp-content\\\/uploads\\\/2020\\\/10\\\/jobboard.png\",\"contentUrl\":\"https:\\\/\\\/indr.lu\\\/wp-content\\\/uploads\\\/2020\\\/10\\\/jobboard.png\",\"width\":188,\"height\":268},{\"@type\":\"BreadcrumbList\",\"@id\":\"https:\\\/\\\/indr.lu\\\/fr\\\/initiatives_esr\\\/jobboard-adem\\\/#breadcrumb\",\"itemListElement\":[{\"@type\":\"ListItem\",\"position\":1,\"name\":\"Home\",\"item\":\"https:\\\/\\\/indr.lu\\\/fr\\\/\"},{\"@type\":\"ListItem\",\"position\":2,\"name\":\"JOBBOARD ADEM\"}]},{\"@type\":\"WebSite\",\"@id\":\"https:\\\/\\\/indr.lu\\\/fr\\\/#website\",\"url\":\"https:\\\/\\\/indr.lu\\\/fr\\\/\",\"name\":\"INDR\",\"description\":\"Institut national pour le d\u00e9veloppement durable et la RSE\",\"publisher\":{\"@id\":\"https:\\\/\\\/indr.lu\\\/fr\\\/#organization\"},\"potentialAction\":[{\"@type\":\"SearchAction\",\"target\":{\"@type\":\"EntryPoint\",\"urlTemplate\":\"https:\\\/\\\/indr.lu\\\/fr\\\/?s={search_term_string}\"},\"query-input\":{\"@type\":\"PropertyValueSpecification\",\"valueRequired\":true,\"valueName\":\"search_term_string\"}}],\"inLanguage\":\"fr-FR\"},{\"@type\":\"Organization\",\"@id\":\"https:\\\/\\\/indr.lu\\\/fr\\\/#organization\",\"name\":\"INDR\",\"alternateName\":\"L\u2019Institut National pour le D\u00e9veloppement durable et la Responsabilit\u00e9 sociale des entreprises\",\"url\":\"https:\\\/\\\/indr.lu\\\/fr\\\/\",\"logo\":{\"@type\":\"ImageObject\",\"inLanguage\":\"fr-FR\",\"@id\":\"https:\\\/\\\/indr.lu\\\/fr\\\/#\\\/schema\\\/logo\\\/image\\\/\",\"url\":\"https:\\\/\\\/indr.lu\\\/wp-content\\\/uploads\\\/2021\\\/04\\\/indr-logo.svg\",\"contentUrl\":\"https:\\\/\\\/indr.lu\\\/wp-content\\\/uploads\\\/2021\\\/04\\\/indr-logo.svg\",\"width\":\"1024\",\"height\":\"1024\",\"caption\":\"INDR\"},\"image\":{\"@id\":\"https:\\\/\\\/indr.lu\\\/fr\\\/#\\\/schema\\\/logo\\\/image\\\/\"},\"sameAs\":[\"https:\\\/\\\/www.facebook.com\\\/INDR.lu\",\"https:\\\/\\\/www.linkedin.com\\\/company\\\/indr---institut-national-pour-le-d-veloppement-durable-et-la-responsabilit-des-entreprises\\\/\"]}]}<\/script>\n<!-- \/ Yoast SEO plugin. -->","yoast_head_json":{"title":"JOBBOARD ADEM - INDR","robots":{"index":"index","follow":"follow","max-snippet":"max-snippet:-1","max-image-preview":"max-image-preview:large","max-video-preview":"max-video-preview:-1"},"canonical":"https:\/\/indr.lu\/fr\/initiatives_esr\/jobboard-adem\/","og_locale":"fr_FR","og_type":"article","og_title":"JOBBOARD ADEM - INDR","og_description":"Le\u00a0JobBoard\u00a0est un service en ligne propos\u00e9 par l\u2019ADEM\u00a0aux demandeurs d\u2019emploi et aux employeurs. Cette plateforme interactive vise \u00e0 augmenter les chances de rencontre entre employeurs et demandeurs d\u2019emploi. Le JobBoard...","og_url":"https:\/\/indr.lu\/fr\/initiatives_esr\/jobboard-adem\/","og_site_name":"INDR","article_publisher":"https:\/\/www.facebook.com\/INDR.lu","article_modified_time":"2021-06-09T12:24:28+00:00","og_image":[{"width":188,"height":268,"url":"https:\/\/indr.lu\/wp-content\/uploads\/2020\/10\/jobboard.png","type":"image\/png"}],"twitter_card":"summary_large_image","twitter_misc":{"Dur\u00e9e de lecture estim\u00e9e":"1 minute"},"schema":{"@context":"https:\/\/schema.org","@graph":[{"@type":"WebPage","@id":"https:\/\/indr.lu\/fr\/initiatives_esr\/jobboard-adem\/","url":"https:\/\/indr.lu\/fr\/initiatives_esr\/jobboard-adem\/","name":"JOBBOARD ADEM - INDR","isPartOf":{"@id":"https:\/\/indr.lu\/fr\/#website"},"primaryImageOfPage":{"@id":"https:\/\/indr.lu\/fr\/initiatives_esr\/jobboard-adem\/#primaryimage"},"image":{"@id":"https:\/\/indr.lu\/fr\/initiatives_esr\/jobboard-adem\/#primaryimage"},"thumbnailUrl":"https:\/\/indr.lu\/wp-content\/uploads\/2020\/10\/jobboard.png","datePublished":"2021-04-09T21:44:36+00:00","dateModified":"2021-06-09T12:24:28+00:00","breadcrumb":{"@id":"https:\/\/indr.lu\/fr\/initiatives_esr\/jobboard-adem\/#breadcrumb"},"inLanguage":"fr-FR","potentialAction":[{"@type":"ReadAction","target":["https:\/\/indr.lu\/fr\/initiatives_esr\/jobboard-adem\/"]}]},{"@type":"ImageObject","inLanguage":"fr-FR","@id":"https:\/\/indr.lu\/fr\/initiatives_esr\/jobboard-adem\/#primaryimage","url":"https:\/\/indr.lu\/wp-content\/uploads\/2020\/10\/jobboard.png","contentUrl":"https:\/\/indr.lu\/wp-content\/uploads\/2020\/10\/jobboard.png","width":188,"height":268},{"@type":"BreadcrumbList","@id":"https:\/\/indr.lu\/fr\/initiatives_esr\/jobboard-adem\/#breadcrumb","itemListElement":[{"@type":"ListItem","position":1,"name":"Home","item":"https:\/\/indr.lu\/fr\/"},{"@type":"ListItem","position":2,"name":"JOBBOARD ADEM"}]},{"@type":"WebSite","@id":"https:\/\/indr.lu\/fr\/#website","url":"https:\/\/indr.lu\/fr\/","name":"INDR","description":"Institut national pour le d\u00e9veloppement durable et la RSE","publisher":{"@id":"https:\/\/indr.lu\/fr\/#organization"},"potentialAction":[{"@type":"SearchAction","target":{"@type":"EntryPoint","urlTemplate":"https:\/\/indr.lu\/fr\/?s={search_term_string}"},"query-input":{"@type":"PropertyValueSpecification","valueRequired":true,"valueName":"search_term_string"}}],"inLanguage":"fr-FR"},{"@type":"Organization","@id":"https:\/\/indr.lu\/fr\/#organization","name":"INDR","alternateName":"L\u2019Institut National pour le D\u00e9veloppement durable et la Responsabilit\u00e9 sociale des entreprises","url":"https:\/\/indr.lu\/fr\/","logo":{"@type":"ImageObject","inLanguage":"fr-FR","@id":"https:\/\/indr.lu\/fr\/#\/schema\/logo\/image\/","url":"https:\/\/indr.lu\/wp-content\/uploads\/2021\/04\/indr-logo.svg","contentUrl":"https:\/\/indr.lu\/wp-content\/uploads\/2021\/04\/indr-logo.svg","width":"1024","height":"1024","caption":"INDR"},"image":{"@id":"https:\/\/indr.lu\/fr\/#\/schema\/logo\/image\/"},"sameAs":["https:\/\/www.facebook.com\/INDR.lu","https:\/\/www.linkedin.com\/company\/indr---institut-national-pour-le-d-veloppement-durable-et-la-responsabilit-des-entreprises\/"]}]}},"_links":{"self":[{"href":"https:\/\/indr.lu\/fr\/wp-json\/wp\/v2\/initiatives_esr\/9735","targetHints":{"allow":["GET"]}}],"collection":[{"href":"https:\/\/indr.lu\/fr\/wp-json\/wp\/v2\/initiatives_esr"}],"about":[{"href":"https:\/\/indr.lu\/fr\/wp-json\/wp\/v2\/types\/initiatives_esr"}],"version-history":[{"count":2,"href":"https:\/\/indr.lu\/fr\/wp-json\/wp\/v2\/initiatives_esr\/9735\/revisions"}],"predecessor-version":[{"id":11958,"href":"https:\/\/indr.lu\/fr\/wp-json\/wp\/v2\/initiatives_esr\/9735\/revisions\/11958"}],"wp:featuredmedia":[{"embeddable":true,"href":"https:\/\/indr.lu\/fr\/wp-json\/wp\/v2\/media\/9223"}],"wp:attachment":[{"href":"https:\/\/indr.lu\/fr\/wp-json\/wp\/v2\/media?parent=9735"}],"wp:term":[{"taxonomy":"initiatives_esr_categories","embeddable":true,"href":"https:\/\/indr.lu\/fr\/wp-json\/wp\/v2\/initiatives_esr_categories?post=9735"}],"curies":[{"name":"wp","href":"https:\/\/api.w.org\/{rel}","templated":true}]}}

<p>Le <strong>JobBoard</strong> est un service en ligne proposé par l’<strong>ADEM</strong> aux demandeurs d’emploi et aux employeurs.<br />
Cette plateforme interactive vise à augmenter les chances de rencontre entre employeurs et demandeurs d’emploi. Le JobBoard donne en effet au demandeur d’emploi un accès direct aux offres d’emploi déclarées à l’ADEM et lui permet d’y déposer son CV afin d’augmenter ses chances de retour à l’emploi. Le JobBoard permet à l’employeur, d’autre part, de rechercher directement parmi les profils de candidats inscrits à l’ADEM.</p>
<p>La présente initiative figure parmi les meilleures pratiques promues dans le Guide ESR, qui oriente les entreprises en matière de responsabilité sociale (RSE/CSR) et mène au label ESR.</p>

<!-- This site is optimized with the Yoast SEO plugin v27.5 - https://yoast.com/product/yoast-seo-wordpress/ -->
<title>JOBBOARD ADEM - INDR</title>
<meta name="robots" content="index, follow, max-snippet:-1, max-image-preview:large, max-video-preview:-1" />
<link rel="canonical" href="https://indr.lu/fr/initiatives_esr/jobboard-adem/" />
<meta property="og:locale" content="fr_FR" />
<meta property="og:type" content="article" />
<meta property="og:title" content="JOBBOARD ADEM - INDR" />
<meta property="og:description" content="Le JobBoard est un service en ligne proposé par l’ADEM aux demandeurs d’emploi et aux employeurs. Cette plateforme interactive vise à augmenter les chances de rencontre entre employeurs et demandeurs d’emploi. Le JobBoard..." />
<meta property="og:url" content="https://indr.lu/fr/initiatives_esr/jobboard-adem/" />
<meta property="og:site_name" content="INDR" />
<meta property="article:publisher" content="https://www.facebook.com/INDR.lu" />
<meta property="article:modified_time" content="2021-06-09T12:24:28+00:00" />
<meta property="og:image" content="https://indr.lu/wp-content/uploads/2020/10/jobboard.png" />
	<meta property="og:image:width" content="188" />
	<meta property="og:image:height" content="268" />
	<meta property="og:image:type" content="image/png" />
<meta name="twitter:card" content="summary_large_image" />
<meta name="twitter:label1" content="Durée de lecture estimée" />
	<meta name="twitter:data1" content="1 minute" />
<script type="application/ld+json" class="yoast-schema-graph">{"@context":"https:\/\/schema.org","@graph":[{"@type":"WebPage","@id":"https:\/\/indr.lu\/fr\/initiatives_esr\/jobboard-adem\/","url":"https:\/\/indr.lu\/fr\/initiatives_esr\/jobboard-adem\/","name":"JOBBOARD ADEM - INDR","isPartOf":{"@id":"https:\/\/indr.lu\/fr\/#website"},"primaryImageOfPage":{"@id":"https:\/\/indr.lu\/fr\/initiatives_esr\/jobboard-adem\/#primaryimage"},"image":{"@id":"https:\/\/indr.lu\/fr\/initiatives_esr\/jobboard-adem\/#primaryimage"},"thumbnailUrl":"https:\/\/indr.lu\/wp-content\/uploads\/2020\/10\/jobboard.png","datePublished":"2021-04-09T21:44:36+00:00","dateModified":"2021-06-09T12:24:28+00:00","breadcrumb":{"@id":"https:\/\/indr.lu\/fr\/initiatives_esr\/jobboard-adem\/#breadcrumb"},"inLanguage":"fr-FR","potentialAction":[{"@type":"ReadAction","target":["https:\/\/indr.lu\/fr\/initiatives_esr\/jobboard-adem\/"]}]},{"@type":"ImageObject","inLanguage":"fr-FR","@id":"https:\/\/indr.lu\/fr\/initiatives_esr\/jobboard-adem\/#primaryimage","url":"https:\/\/indr.lu\/wp-content\/uploads\/2020\/10\/jobboard.png","contentUrl":"https:\/\/indr.lu\/wp-content\/uploads\/2020\/10\/jobboard.png","width":188,"height":268},{"@type":"BreadcrumbList","@id":"https:\/\/indr.lu\/fr\/initiatives_esr\/jobboard-adem\/#breadcrumb","itemListElement":[{"@type":"ListItem","position":1,"name":"Home","item":"https:\/\/indr.lu\/fr\/"},{"@type":"ListItem","position":2,"name":"JOBBOARD ADEM"}]},{"@type":"WebSite","@id":"https:\/\/indr.lu\/fr\/#website","url":"https:\/\/indr.lu\/fr\/","name":"INDR","description":"Institut national pour le développement durable et la RSE","publisher":{"@id":"https:\/\/indr.lu\/fr\/#organization"},"potentialAction":[{"@type":"SearchAction","target":{"@type":"EntryPoint","urlTemplate":"https:\/\/indr.lu\/fr\/?s={search_term_string}"},"query-input":{"@type":"PropertyValueSpecification","valueRequired":true,"valueName":"search_term_string"}}],"inLanguage":"fr-FR"},{"@type":"Organization","@id":"https:\/\/indr.lu\/fr\/#organization","name":"INDR","alternateName":"L’Institut National pour le Développement durable et la Responsabilité sociale des entreprises","url":"https:\/\/indr.lu\/fr\/","logo":{"@type":"ImageObject","inLanguage":"fr-FR","@id":"https:\/\/indr.lu\/fr\/#\/schema\/logo\/image\/","url":"https:\/\/indr.lu\/wp-content\/uploads\/2021\/04\/indr-logo.svg","contentUrl":"https:\/\/indr.lu\/wp-content\/uploads\/2021\/04\/indr-logo.svg","width":"1024","height":"1024","caption":"INDR"},"image":{"@id":"https:\/\/indr.lu\/fr\/#\/schema\/logo\/image\/"},"sameAs":["https:\/\/www.facebook.com\/INDR.lu","https:\/\/www.linkedin.com\/company\/indr---institut-national-pour-le-d-veloppement-durable-et-la-responsabilit-des-entreprises\/"]}]}</script>
<!-- / Yoast SEO plugin. -->

Le JobBoard est un service en ligne proposé par l’ADEM aux demandeurs d’emploi et aux employeurs. Cette plateforme interactive vise à augmenter les chances de rencontre entre employeurs et demandeurs d’emploi. Le JobBoard...

Institut national pour le développement durable et la RSE

L’Institut National pour le Développement durable et la Responsabilité sociale des entreprises
